CRAN Package Check Results for Package DiceOptim

Last updated on 2020-09-22 16:02:26 CEST.

Flavor Version Tinstall Tcheck Ttotal Status Flags
r-devel-linux-x86_64-debian-clang 2.0.1 11.19 79.57 90.76 OK
r-devel-linux-x86_64-debian-gcc 2.0.1 7.39 59.50 66.89 OK
r-devel-linux-x86_64-fedora-clang 2.0.1 116.41 NOTE
r-devel-linux-x86_64-fedora-gcc 2.0.1 129.42 NOTE
r-devel-windows-ix86+x86_64 2.0.1 18.00 146.00 164.00 OK
r-patched-linux-x86_64 2.0.1 11.06 79.96 91.02 OK
r-patched-solaris-x86 2.0.1 133.80 OK
r-release-linux-x86_64 2.0.1 10.62 79.13 89.75 OK
r-release-macos-x86_64 2.0.1 OK
r-release-windows-ix86+x86_64 2.0.1 19.00 141.00 160.00 OK
r-oldrel-macos-x86_64 2.0.1 OK
r-oldrel-windows-ix86+x86_64 2.0.1 11.00 132.00 143.00 OK

Check Details

Version: 2.0.1
Check: compiled code
Result: NOTE
    File ‘DiceOptim/libs/DiceOptim.so’:
     Found no calls to: ‘R_registerRoutines’, ‘R_useDynamicSymbols’
    
    It is good practice to register native routines and to disable symbol
    search.
    
    See ‘Writing portable packages’ in the ‘Writing R Extensions’ manual.
Flavors: r-devel-linux-x86_64-fedora-clang, r-devel-linux-x86_64-fedora-gcc