Last updated on 2023-03-27 03:53:39 CEST.
Flavor | Version | Tinstall | Tcheck | Ttotal | Status | Flags |
---|---|---|---|---|---|---|
r-devel-linux-x86_64-debian-clang | 1.0.9 | 20.68 | 264.60 | 285.28 | OK | |
r-devel-linux-x86_64-debian-gcc | 1.0.9 | 19.55 | 197.32 | 216.87 | OK | |
r-devel-linux-x86_64-fedora-gcc | 1.0.9 | 380.80 | NOTE | |||
r-devel-windows-x86_64 | 1.0.9 | 273.00 | 459.00 | 732.00 | OK | |
r-patched-linux-x86_64 | 1.0.9 | 23.19 | 254.77 | 277.96 | OK | |
r-release-linux-x86_64 | 1.0.9 | 16.60 | 239.46 | 256.06 | OK | |
r-release-macos-arm64 | 1.0.9 | 84.00 | NOTE | |||
r-release-macos-x86_64 | 1.0.9 | 159.00 | NOTE | |||
r-release-windows-x86_64 | 1.0.9 | 264.00 | 363.00 | 627.00 | OK | |
r-oldrel-macos-arm64 | 1.0.9 | 81.00 | NOTE | |||
r-oldrel-macos-x86_64 | 1.0.9 | 122.00 | NOTE | |||
r-oldrel-windows-ix86+x86_64 | 1.0.9 | 41.00 | 374.00 | 415.00 | NOTE |
Version: 1.0.9
Check: data for non-ASCII characters
Result: NOTE
Note: found 1 marked UTF-8 string
Flavors: r-devel-linux-x86_64-fedora-gcc, r-release-macos-arm64, r-release-macos-x86_64, r-oldrel-macos-arm64, r-oldrel-macos-x86_64
Version: 1.0.9
Check: dependencies in R code
Result: NOTE
Initiating curl with CURL_SSL_BACKEND: openssl
Flavor: r-oldrel-windows-ix86+x86_64