CRAN Package Check Results for Package DiagrammeR

Last updated on 2020-08-13 15:51:00 CEST.

Flavor Version Tinstall Tcheck Ttotal Status Flags
r-devel-linux-x86_64-debian-clang 1.0.6.1 2.69 2.61 5.30 ERROR
r-devel-linux-x86_64-debian-gcc 1.0.6.1 19.73 187.01 206.74 OK
r-devel-linux-x86_64-fedora-clang 1.0.6.1 317.45 NOTE
r-devel-linux-x86_64-fedora-gcc 1.0.6.1 313.88 NOTE
r-devel-windows-ix86+x86_64 1.0.6.1 50.00 381.00 431.00 NOTE
r-patched-linux-x86_64 1.0.6.1 23.93 250.04 273.97 OK
r-patched-solaris-x86 1.0.6.1 375.70 WARN
r-release-linux-x86_64 1.0.6.1 19.60 246.04 265.64 OK
r-release-macos-x86_64 1.0.6.1 WARN
r-release-windows-ix86+x86_64 1.0.6.1 52.00 364.00 416.00 NOTE
r-oldrel-macos-x86_64 1.0.6.1 WARN
r-oldrel-windows-ix86+x86_64 1.0.6.1 33.00 260.00 293.00 NOTE

Check Details

Version: 1.0.6.1
Check: package dependencies
Result: ERROR
    Package required but not available: 'tidyr'
    
    See section 'The DESCRIPTION file' in the 'Writing R Extensions'
    manual.
Flavor: r-devel-linux-x86_64-debian-clang

Version: 1.0.6.1
Check: installed package size
Result: NOTE
     installed size is 14.2Mb
     sub-directories of 1Mb or more:
     doc 9.7Mb
     htmlwidgets 2.9Mb
Flavors: r-devel-linux-x86_64-fedora-clang, r-devel-windows-ix86+x86_64, r-patched-solaris-x86, r-release-macos-x86_64, r-release-windows-ix86+x86_64, r-oldrel-macos-x86_64, r-oldrel-windows-ix86+x86_64

Version: 1.0.6.1
Check: data for non-ASCII characters
Result: NOTE
     Note: found 1 marked UTF-8 string
Flavors: r-devel-linux-x86_64-fedora-clang, r-devel-linux-x86_64-fedora-gcc, r-patched-solaris-x86, r-release-macos-x86_64, r-oldrel-macos-x86_64

Version: 1.0.6.1
Check: package dependencies
Result: NOTE
    Package suggested but not available for checking: ‘rsvg’
Flavor: r-patched-solaris-x86

Version: 1.0.6.1
Check: re-building of vignette outputs
Result: WARN
    Error(s) in re-building vignettes:
     ...
    --- re-building ‘graphviz-mermaid.Rmd’ using rmarkdown
    Warning in engine$weave(file, quiet = quiet, encoding = enc) :
     Pandoc (>= 1.12.3) and/or pandoc-citeproc not available. Falling back to R Markdown v1.
    Quitting from lines 57-79 (graphviz-mermaid.Rmd)
    Error: processing vignette 'graphviz-mermaid.Rmd' failed with diagnostics:
    there is no package called 'webshot'
    --- failed re-building ‘graphviz-mermaid.Rmd’
    
    --- re-building ‘node-edge-data-frames.Rmd’ using rmarkdown
    Warning in engine$weave(file, quiet = quiet, encoding = enc) :
     Pandoc (>= 1.12.3) and/or pandoc-citeproc not available. Falling back to R Markdown v1.
    --- finished re-building ‘node-edge-data-frames.Rmd’
    
    --- re-building ‘selections.Rmd’ using rmarkdown
    Warning in engine$weave(file, quiet = quiet, encoding = enc) :
     Pandoc (>= 1.12.3) and/or pandoc-citeproc not available. Falling back to R Markdown v1.
    Quitting from lines 317-356 (selections.Rmd)
    Error: processing vignette 'selections.Rmd' failed with diagnostics:
    there is no package called 'webshot'
    --- failed re-building ‘selections.Rmd’
    
    --- re-building ‘simple-graphs-ndfs-edfs.Rmd’ using rmarkdown
    Warning in engine$weave(file, quiet = quiet, encoding = enc) :
     Pandoc (>= 1.12.3) and/or pandoc-citeproc not available. Falling back to R Markdown v1.
    Quitting from lines 165-166 (simple-graphs-ndfs-edfs.Rmd)
    Error: processing vignette 'simple-graphs-ndfs-edfs.Rmd' failed with diagnostics:
    there is no package called 'webshot'
    --- failed re-building ‘simple-graphs-ndfs-edfs.Rmd’
    
    --- re-building ‘traversals.Rmd’ using rmarkdown
    Warning in engine$weave(file, quiet = quiet, encoding = enc) :
     Pandoc (>= 1.12.3) and/or pandoc-citeproc not available. Falling back to R Markdown v1.
    Quitting from lines 102-116 (traversals.Rmd)
    Error: processing vignette 'traversals.Rmd' failed with diagnostics:
    there is no package called 'webshot'
    --- failed re-building ‘traversals.Rmd’
    
    SUMMARY: processing the following files failed:
     ‘graphviz-mermaid.Rmd’ ‘selections.Rmd’ ‘simple-graphs-ndfs-edfs.Rmd’
     ‘traversals.Rmd’
    
    Error: Vignette re-building failed.
    Execution halted
Flavor: r-patched-solaris-x86

Version: 1.0.6.1
Check: re-building of vignette outputs
Result: WARN
    Error(s) in re-building vignettes:
    --- re-building ‘graphviz-mermaid.Rmd’ using rmarkdown
    Warning in engine$weave(file, quiet = quiet, encoding = enc) :
     Pandoc (>= 1.12.3) and/or pandoc-citeproc not available. Falling back to R Markdown v1.
    Quitting from lines 57-79 (graphviz-mermaid.Rmd)
    Error: processing vignette 'graphviz-mermaid.Rmd' failed with diagnostics:
    cannot open the connection
    --- failed re-building ‘graphviz-mermaid.Rmd’
    
    --- re-building ‘node-edge-data-frames.Rmd’ using rmarkdown
    Warning in engine$weave(file, quiet = quiet, encoding = enc) :
     Pandoc (>= 1.12.3) and/or pandoc-citeproc not available. Falling back to R Markdown v1.
    --- finished re-building ‘node-edge-data-frames.Rmd’
    
    --- re-building ‘selections.Rmd’ using rmarkdown
    Warning in engine$weave(file, quiet = quiet, encoding = enc) :
     Pandoc (>= 1.12.3) and/or pandoc-citeproc not available. Falling back to R Markdown v1.
    Quitting from lines 317-356 (selections.Rmd)
    Error: processing vignette 'selections.Rmd' failed with diagnostics:
    cannot open the connection
    --- failed re-building ‘selections.Rmd’
    
    --- re-building ‘simple-graphs-ndfs-edfs.Rmd’ using rmarkdown
    Warning in engine$weave(file, quiet = quiet, encoding = enc) :
     Pandoc (>= 1.12.3) and/or pandoc-citeproc not available. Falling back to R Markdown v1.
    Quitting from lines 165-166 (simple-graphs-ndfs-edfs.Rmd)
    Error: processing vignette 'simple-graphs-ndfs-edfs.Rmd' failed with diagnostics:
    cannot open the connection
    --- failed re-building ‘simple-graphs-ndfs-edfs.Rmd’
    
    --- re-building ‘traversals.Rmd’ using rmarkdown
    Warning in engine$weave(file, quiet = quiet, encoding = enc) :
     Pandoc (>= 1.12.3) and/or pandoc-citeproc not available. Falling back to R Markdown v1.
    Quitting from lines 102-116 (traversals.Rmd)
    Error: processing vignette 'traversals.Rmd' failed with diagnostics:
    cannot open the connection
    --- failed re-building ‘traversals.Rmd’
    
    SUMMARY: processing the following files failed:
     ‘graphviz-mermaid.Rmd’ ‘selections.Rmd’ ‘simple-graphs-ndfs-edfs.Rmd’
     ‘traversals.Rmd’
    
    Error: Vignette re-building failed.
    Execution halted
Flavors: r-release-macos-x86_64, r-oldrel-macos-x86_64