CRAN Package Check Results for Package DiPALM

Last updated on 2020-09-18 15:52:44 CEST.

Flavor Version Tinstall Tcheck Ttotal Status Flags
r-devel-linux-x86_64-debian-clang 1.0 23.98 188.76 212.74 OK
r-devel-linux-x86_64-debian-gcc 1.0 18.66 142.30 160.96 OK
r-devel-linux-x86_64-fedora-clang 1.0 266.64 OK
r-devel-linux-x86_64-fedora-gcc 1.0 273.18 OK
r-devel-windows-ix86+x86_64 1.0 54.00 219.00 273.00 OK
r-patched-linux-x86_64 1.0 18.43 182.40 200.83 OK
r-patched-solaris-x86 1.0 347.70 OK
r-release-linux-x86_64 1.0 20.17 180.86 201.03 OK
r-release-macos-x86_64 1.0 OK
r-release-windows-ix86+x86_64 1.0 53.00 214.00 267.00 OK
r-oldrel-macos-x86_64 1.0 ERROR
r-oldrel-windows-ix86+x86_64 1.0 46.00 208.00 254.00 OK

Check Details

Version: 1.0
Check: package dependencies
Result: ERROR
    Package required but not available: ‘WGCNA’
    
    See section ‘The DESCRIPTION file’ in the ‘Writing R Extensions’
    manual.
Flavor: r-oldrel-macos-x86_64