Last updated on 2023-12-01 15:53:32 CET.
Flavor | Version | Tinstall | Tcheck | Ttotal | Status | Flags |
---|---|---|---|---|---|---|
r-devel-linux-x86_64-debian-clang | 1.0.6 | 14.03 | 156.03 | 170.06 | OK | |
r-devel-linux-x86_64-debian-gcc | 1.0.6 | 10.67 | 115.83 | 126.50 | OK | |
r-devel-linux-x86_64-fedora-clang | 1.0.6 | 205.92 | OK | |||
r-devel-linux-x86_64-fedora-gcc | 1.0.6 | 215.13 | OK | |||
r-devel-windows-x86_64 | 1.0.6 | 12.00 | 148.00 | 160.00 | OK | |
r-patched-linux-x86_64 | 1.0.6 | 16.13 | 144.57 | 160.70 | OK | |
r-release-linux-x86_64 | 1.0.6 | 10.48 | 146.44 | 156.92 | OK | |
r-release-macos-arm64 | 1.0.6 | 67.00 | OK | |||
r-release-macos-x86_64 | 1.0.6 | 130.00 | NOTE | |||
r-release-windows-x86_64 | 1.0.6 | 18.00 | 170.00 | 188.00 | OK | |
r-oldrel-macos-arm64 | 1.0.6 | 57.00 | OK | |||
r-oldrel-macos-x86_64 | 1.0.6 | 89.00 | OK | |||
r-oldrel-windows-x86_64 | 1.0.6 | 18.00 | 166.00 | 184.00 | OK |
Version: 1.0.6
Check: package dependencies
Result: NOTE
Packages suggested but not available for checking: 'EMD', 'astrochron'
Flavor: r-release-macos-x86_64