CRAN Package Check Results for Package DeclareDesign

Last updated on 2020-09-27 03:46:29 CEST.

Flavor Version Tinstall Tcheck Ttotal Status Flags
r-devel-linux-x86_64-debian-clang 0.22.0 7.32 176.71 184.03 OK
r-devel-linux-x86_64-debian-gcc 0.22.0 5.55 135.80 141.35 OK
r-devel-linux-x86_64-fedora-clang 0.22.0 235.50 NOTE
r-devel-linux-x86_64-fedora-gcc 0.22.0 267.54 OK
r-devel-windows-ix86+x86_64 0.22.0 22.00 217.00 239.00 OK
r-patched-linux-x86_64 0.22.0 6.20 174.43 180.63 OK
r-patched-solaris-x86 0.22.0 303.90 OK
r-release-linux-x86_64 0.22.0 6.34 175.20 181.54 OK
r-release-macos-x86_64 0.22.0 OK
r-release-windows-ix86+x86_64 0.22.0 18.00 239.00 257.00 OK
r-oldrel-macos-x86_64 0.22.0 OK
r-oldrel-windows-ix86+x86_64 0.22.0 19.00 212.00 231.00 OK

Check Details

Version: 0.22.0
Check: Rd cross-references
Result: NOTE
    Undeclared package ‘future’ in Rd xrefs
Flavor: r-devel-linux-x86_64-fedora-clang