Last updated on 2022-06-26 03:49:58 CEST.
Flavor | Version | Tinstall | Tcheck | Ttotal | Status | Flags |
---|---|---|---|---|---|---|
r-devel-linux-x86_64-debian-clang | 1.5.0 | 519.94 | 373.01 | 892.95 | NOTE | |
r-devel-linux-x86_64-debian-gcc | 1.5.0 | 453.18 | 300.42 | 753.60 | NOTE | |
r-devel-linux-x86_64-fedora-clang | 1.5.0 | 1191.09 | NOTE | |||
r-devel-linux-x86_64-fedora-gcc | 1.5.0 | 1246.30 | NOTE | |||
r-devel-windows-x86_64 | 1.5.0 | 379.00 | 461.00 | 840.00 | NOTE | |
r-patched-linux-x86_64 | 1.5.0 | 380.72 | 373.59 | 754.31 | NOTE | |
r-release-linux-x86_64 | 1.5.0 | 367.56 | 380.88 | 748.44 | NOTE | |
r-release-macos-arm64 | 1.5.0 | 277.00 | NOTE | |||
r-release-macos-x86_64 | 1.5.0 | 549.00 | NOTE | |||
r-release-windows-x86_64 | 1.5.0 | 387.00 | 442.00 | 829.00 | NOTE | |
r-oldrel-macos-arm64 | 1.5.0 | 419.00 | NOTE | |||
r-oldrel-macos-x86_64 | 1.5.0 | 566.00 | NOTE | |||
r-oldrel-windows-ix86+x86_64 | 1.5.0 | 1079.00 | 495.00 | 1574.00 | NOTE |
Version: 1.5.0
Check: for GNU extensions in Makefiles
Result: NOTE
GNU make is a SystemRequirements.
Flavors: r-devel-linux-x86_64-debian-clang, r-devel-linux-x86_64-debian-gcc, r-devel-linux-x86_64-fedora-clang, r-devel-linux-x86_64-fedora-gcc, r-devel-windows-x86_64, r-patched-linux-x86_64, r-release-linux-x86_64, r-release-macos-arm64, r-release-macos-x86_64, r-release-windows-x86_64, r-oldrel-macos-arm64, r-oldrel-macos-x86_64, r-oldrel-windows-ix86+x86_64
Version: 1.5.0
Check: installed package size
Result: NOTE
installed size is 67.6Mb
sub-directories of 1Mb or more:
libs 64.8Mb
Flavors: r-devel-linux-x86_64-fedora-clang, r-devel-windows-x86_64, r-release-macos-arm64, r-release-macos-x86_64, r-release-windows-x86_64, r-oldrel-macos-arm64, r-oldrel-macos-x86_64, r-oldrel-windows-ix86+x86_64
Version: 1.5.0
Check: top-level files
Result: NOTE
‘configure’: /bin/bash is not portable
Flavors: r-devel-linux-x86_64-fedora-clang, r-devel-linux-x86_64-fedora-gcc
Version: 1.5.0
Check: dependencies in R code
Result: NOTE
Namespace in Imports field not imported from: ‘lattice’
All declared Imports should be used.
Flavors: r-devel-linux-x86_64-fedora-clang, r-devel-linux-x86_64-fedora-gcc, r-release-macos-arm64, r-release-macos-x86_64, r-oldrel-macos-arm64, r-oldrel-macos-x86_64