CRAN Package Check Results for Package DWLasso

Last updated on 2022-08-16 04:53:36 CEST.

Flavor Version Tinstall Tcheck Ttotal Status Flags
r-devel-linux-x86_64-debian-clang 1.1 14.16 122.48 136.64 NOTE
r-devel-linux-x86_64-debian-gcc 1.1 10.22 91.35 101.57 NOTE
r-devel-linux-x86_64-fedora-clang 1.1 169.00 NOTE
r-devel-linux-x86_64-fedora-gcc 1.1 175.08 NOTE
r-devel-windows-x86_64 1.1 15.00 137.00 152.00 NOTE
r-patched-linux-x86_64 1.1 9.30 117.26 126.56 NOTE
r-release-linux-x86_64 1.1 8.11 114.51 122.62 NOTE
r-release-macos-arm64 1.1 44.00 NOTE
r-release-macos-x86_64 1.1 71.00 NOTE
r-release-windows-x86_64 1.1 18.00 137.00 155.00 NOTE
r-oldrel-macos-arm64 1.1 46.00 NOTE
r-oldrel-macos-x86_64 1.1 88.00 NOTE
r-oldrel-windows-ix86+x86_64 1.1 31.00 136.00 167.00 NOTE

Check Details

Version: 1.1
Check: LazyData
Result: NOTE
     'LazyData' is specified without a 'data' directory
Flavors: r-devel-linux-x86_64-debian-clang, r-devel-linux-x86_64-debian-gcc, r-devel-linux-x86_64-fedora-clang, r-devel-linux-x86_64-fedora-gcc, r-devel-windows-x86_64, r-patched-linux-x86_64, r-release-linux-x86_64, r-release-macos-arm64, r-release-macos-x86_64, r-release-windows-x86_64, r-oldrel-macos-arm64, r-oldrel-macos-x86_64, r-oldrel-windows-ix86+x86_64