CRAN Package Check Results for Package DTAT

Last updated on 2024-06-19 16:52:50 CEST.

Flavor Version Tinstall Tcheck Ttotal Status Flags
r-devel-linux-x86_64-debian-clang 0.3-7 16.57 179.46 196.03 OK
r-devel-linux-x86_64-debian-gcc 0.3-7 14.15 134.51 148.66 OK
r-devel-linux-x86_64-fedora-clang 0.3-7 266.46 OK
r-devel-linux-x86_64-fedora-gcc 0.3-7 246.28 OK
r-devel-windows-x86_64 0.3-7 16.00 180.00 196.00 OK
r-patched-linux-x86_64 0.3-7 21.03 170.59 191.62 OK
r-release-linux-x86_64 0.3-7 10.46 171.14 181.60 OK
r-release-macos-arm64 0.3-7 80.00 OK
r-release-macos-x86_64 0.3-7 119.00 OK
r-release-windows-x86_64 0.3-7 16.00 89.00 105.00 ERROR
r-oldrel-macos-arm64 0.3-7 91.00 OK
r-oldrel-macos-x86_64 0.3-7 192.00 OK
r-oldrel-windows-x86_64 0.3-7 19.00 204.00 223.00 OK

Check Details

Version: 0.3-7
Check: examples
Result: ERROR Running examples in 'DTAT-Ex.R' failed The error occurred in: R version 4.4.0 (2024-04-24 ucrt) -- "Puppy Cup" Copyright (C) 2024 The R Foundation for Statistical Computing Platform: x86_64-w64-mingw32/x64 R is free software and comes with ABSOLUTELY NO WARRANTY. You are welcome to redistribute it under certain conditions. Type 'license()' or 'licence()' for distribution details. Natural language support but running in an English locale R is a collaborative project with many contributors. Type 'contributors()' for more information and 'citation()' on how to cite R or R packages in publications. Type 'demo()' for some demos, 'help()' for on-line help, or 'help.start()' for an HTML browser interface to help. Type 'q()' to quit R. Mingw-w64 runtime failure: VirtualProtect failed with code 0x5af Flavor: r-release-windows-x86_64

Version: 0.3-7
Check: re-building of vignette outputs
Result: ERROR Error(s) in re-building vignettes: Fatal error: couldn't allocate node stack Flavor: r-release-windows-x86_64

Version: 0.3-7
Check: PDF version of manual
Result: WARN LaTeX errors when creating PDF version. This typically indicates Rd problems. Flavor: r-release-windows-x86_64

Version: 0.3-7
Check: PDF version of manual without index
Result: ERROR Re-running with no redirection of stdout/stderr. Flavor: r-release-windows-x86_64