CRAN Package Check Results for Package DT

Last updated on 2020-09-29 15:47:32 CEST.

Flavor Version Tinstall Tcheck Ttotal Status Flags
r-devel-linux-x86_64-debian-clang 0.15 4.61 35.72 40.33 OK
r-devel-linux-x86_64-debian-gcc 0.15 3.82 28.22 32.04 OK
r-devel-linux-x86_64-fedora-clang 0.15 57.18 NOTE
r-devel-linux-x86_64-fedora-gcc 0.15 49.67 OK
r-devel-windows-ix86+x86_64 0.15 10.00 52.00 62.00 OK
r-patched-linux-x86_64 0.15 5.34 34.95 40.29 OK
r-patched-solaris-x86 0.15 66.70 OK
r-release-linux-x86_64 0.15 4.35 34.33 38.68 OK
r-release-macos-x86_64 0.15 OK
r-release-windows-ix86+x86_64 0.15 11.00 53.00 64.00 OK
r-oldrel-macos-x86_64 0.15 OK
r-oldrel-windows-ix86+x86_64 0.15 11.00 52.00 63.00 OK

Check Details

Version: 0.15
Check: installed package size
Result: NOTE
     installed size is 5.4Mb
     sub-directories of 1Mb or more:
     htmlwidgets 4.4Mb
Flavor: r-devel-linux-x86_64-fedora-clang