CRAN Package Check Results for Package DSAIDE

Last updated on 2021-09-19 03:50:58 CEST.

Flavor Version Tinstall Tcheck Ttotal Status Flags
r-devel-linux-x86_64-debian-clang 0.9.3 9.95 164.48 174.43 OK
r-devel-linux-x86_64-debian-gcc 0.9.3 7.36 116.27 123.63 OK
r-devel-linux-x86_64-fedora-clang 0.9.3 210.68 NOTE
r-devel-linux-x86_64-fedora-gcc 0.9.3 192.53 OK
r-devel-windows-x86_64 0.9.3 12.00 152.00 164.00 NOTE
r-devel-windows-x86_64-gcc10-UCRT 0.9.3 ERROR
r-patched-linux-x86_64 0.9.3 8.95 151.39 160.34 OK
r-patched-solaris-x86 0.9.3 230.20 NOTE
r-release-linux-x86_64 0.9.3 8.88 148.32 157.20 OK
r-release-macos-arm64 0.9.3 NOTE
r-release-macos-x86_64 0.9.3 NOTE
r-release-windows-ix86+x86_64 0.9.3 23.00 190.00 213.00 NOTE
r-oldrel-macos-x86_64 0.9.3 NOTE
r-oldrel-windows-ix86+x86_64 0.9.3 26.00 198.00 224.00 NOTE

Check Details

Version: 0.9.3
Check: installed package size
Result: NOTE
     installed size is 5.2Mb
     sub-directories of 1Mb or more:
     appinformation 4.1Mb
Flavors: r-devel-linux-x86_64-fedora-clang, r-devel-windows-x86_64, r-patched-solaris-x86, r-release-macos-arm64, r-release-macos-x86_64, r-release-windows-ix86+x86_64, r-oldrel-macos-x86_64, r-oldrel-windows-ix86+x86_64

Version: 0.9.3
Check: package dependencies
Result: ERROR
    Package required but not available: 'XML'
    
    See section 'The DESCRIPTION file' in the 'Writing R Extensions'
    manual.
Flavor: r-devel-windows-x86_64-gcc10-UCRT