CRAN Package Check Results for Package DSAIDE

Last updated on 2020-09-22 03:49:20 CEST.

Flavor Version Tinstall Tcheck Ttotal Status Flags
r-devel-linux-x86_64-debian-clang 0.8.3 10.23 112.17 122.40 OK
r-devel-linux-x86_64-debian-gcc 0.8.3 0.66 3.13 3.79 ERROR
r-devel-linux-x86_64-fedora-clang 0.8.3 154.09 OK
r-devel-linux-x86_64-fedora-gcc 0.8.3 164.27 OK
r-devel-windows-ix86+x86_64 0.8.3 22.00 145.00 167.00 OK
r-patched-linux-x86_64 0.8.3 8.44 104.60 113.04 OK
r-patched-solaris-x86 0.8.3 188.70 NOTE
r-release-linux-x86_64 0.8.3 10.22 108.33 118.55 OK
r-release-macos-x86_64 0.8.3 OK
r-release-windows-ix86+x86_64 0.8.3 23.00 162.00 185.00 OK
r-oldrel-macos-x86_64 0.8.3 OK
r-oldrel-windows-ix86+x86_64 0.8.3 13.00 108.00 121.00 OK

Check Details

Version: 0.8.3
Check: whether package can be installed
Result: ERROR
    Installation failed.
Flavor: r-devel-linux-x86_64-debian-gcc

Version: 0.8.3
Check: installed package size
Result: NOTE
     installed size is 5.5Mb
     sub-directories of 1Mb or more:
     appinformation 4.2Mb
Flavor: r-patched-solaris-x86