Last updated on 2021-01-25 03:52:39 CET.
Flavor | Version | Tinstall | Tcheck | Ttotal | Status | Flags |
---|---|---|---|---|---|---|
r-devel-linux-x86_64-debian-clang | 1.7 | 116.28 | 80.13 | 196.41 | OK | |
r-devel-linux-x86_64-debian-gcc | 1.7 | 78.86 | 61.37 | 140.23 | OK | |
r-devel-linux-x86_64-fedora-clang | 1.7 | 286.17 | NOTE | |||
r-devel-linux-x86_64-fedora-gcc | 1.7 | 262.26 | OK | |||
r-devel-windows-ix86+x86_64 | 1.7 | 274.00 | 138.00 | 412.00 | OK | |
r-patched-linux-x86_64 | 1.7 | 94.22 | 74.62 | 168.84 | OK | |
r-patched-solaris-x86 | 1.7 | 263.10 | OK | |||
r-release-linux-x86_64 | 1.7 | 92.53 | 74.08 | 166.61 | OK | |
r-release-macos-x86_64 | 1.7 | OK | ||||
r-release-windows-ix86+x86_64 | 1.7 | 267.00 | 106.00 | 373.00 | OK | |
r-oldrel-macos-x86_64 | 1.7 | OK | ||||
r-oldrel-windows-ix86+x86_64 | 1.7 | 206.00 | 128.00 | 334.00 | OK |
Version: 1.7
Check: installed package size
Result: NOTE
installed size is 5.7Mb
sub-directories of 1Mb or more:
libs 5.5Mb
Flavor: r-devel-linux-x86_64-fedora-clang