Last updated on 2023-02-06 15:57:11 CET.
Flavor | Version | Tinstall | Tcheck | Ttotal | Status | Flags |
---|---|---|---|---|---|---|
r-devel-linux-x86_64-debian-clang | 0.1.2 | 53.92 | 55.46 | 109.38 | OK | |
r-devel-linux-x86_64-debian-gcc | 0.1.2 | 46.72 | 42.89 | 89.61 | OK | |
r-devel-linux-x86_64-fedora-clang | 0.1.2 | 157.09 | OK | |||
r-devel-linux-x86_64-fedora-gcc | 0.1.2 | 171.71 | OK | |||
r-devel-windows-x86_64 | 0.1.2 | 55.00 | 104.00 | 159.00 | OK | |
r-patched-linux-x86_64 | 0.1.2 | 45.63 | 56.82 | 102.45 | OK | |
r-release-linux-x86_64 | 0.1.2 | 45.17 | 55.41 | 100.58 | OK | |
r-release-macos-arm64 | 0.1.2 | 40.00 | NOTE | |||
r-release-macos-x86_64 | 0.1.2 | 54.00 | NOTE | |||
r-release-windows-x86_64 | 0.1.2 | 50.00 | 115.00 | 165.00 | OK | |
r-oldrel-macos-arm64 | 0.1.2 | 46.00 | NOTE | |||
r-oldrel-macos-x86_64 | 0.1.2 | 83.00 | NOTE | |||
r-oldrel-windows-ix86+x86_64 | 0.1.2 | 127.00 | 122.00 | 249.00 | OK |
Version: 0.1.2
Check: installed package size
Result: NOTE
installed size is 6.1Mb
sub-directories of 1Mb or more:
libs 5.5Mb
Flavors: r-release-macos-arm64, r-release-macos-x86_64, r-oldrel-macos-arm64, r-oldrel-macos-x86_64