Last updated on 2022-07-03 15:52:30 CEST.
Flavor | Version | Tinstall | Tcheck | Ttotal | Status | Flags |
---|---|---|---|---|---|---|
r-devel-linux-x86_64-debian-clang | 0.2-4 | 67.23 | 76.39 | 143.62 | NOTE | |
r-devel-linux-x86_64-debian-gcc | 0.2-4 | 54.78 | 57.92 | 112.70 | NOTE | |
r-devel-linux-x86_64-fedora-clang | 0.2-4 | 222.11 | NOTE | |||
r-devel-linux-x86_64-fedora-gcc | 0.2-4 | 207.50 | NOTE | |||
r-devel-windows-x86_64 | 0.2-4 | 78.00 | 131.00 | 209.00 | NOTE | |
r-patched-linux-x86_64 | 0.2-4 | 61.23 | 75.43 | 136.66 | NOTE | |
r-release-linux-x86_64 | 0.2-4 | 58.48 | 75.22 | 133.70 | NOTE | |
r-release-macos-arm64 | 0.2-4 | 57.00 | NOTE | |||
r-release-macos-x86_64 | 0.2-4 | 74.00 | NOTE | |||
r-release-windows-x86_64 | 0.2-4 | 88.00 | 138.00 | 226.00 | NOTE | |
r-oldrel-macos-arm64 | 0.2-4 | 57.00 | NOTE | |||
r-oldrel-macos-x86_64 | 0.2-4 | 74.00 | NOTE | |||
r-oldrel-windows-ix86+x86_64 | 0.2-4 | 175.00 | 143.00 | 318.00 | NOTE |
Version: 0.2-4
Check: for GNU extensions in Makefiles
Result: NOTE
GNU make is a SystemRequirements.
Flavors: r-devel-linux-x86_64-debian-clang, r-devel-linux-x86_64-debian-gcc, r-devel-linux-x86_64-fedora-clang, r-devel-linux-x86_64-fedora-gcc, r-devel-windows-x86_64, r-patched-linux-x86_64, r-release-linux-x86_64, r-release-macos-arm64, r-release-macos-x86_64, r-release-windows-x86_64, r-oldrel-macos-arm64, r-oldrel-macos-x86_64, r-oldrel-windows-ix86+x86_64