CRAN Package Check Results for Package DIscBIO

Last updated on 2024-06-13 15:48:18 CEST.

Flavor Version Tinstall Tcheck Ttotal Status Flags
r-devel-linux-x86_64-debian-clang 1.2.2 65.94 546.25 612.19 OK
r-devel-linux-x86_64-debian-gcc 1.2.2 0.42 1.61 2.03 ERROR
r-devel-linux-x86_64-fedora-clang 1.2.2 830.73 OK
r-devel-linux-x86_64-fedora-gcc 1.2.2 789.26 OK
r-devel-windows-x86_64 1.2.2 60.00 343.00 403.00 OK
r-patched-linux-x86_64 1.2.2 46.86 517.86 564.72 OK
r-release-linux-x86_64 1.2.2 47.78 521.61 569.39 OK
r-release-macos-arm64 1.2.2 190.00 OK
r-release-macos-x86_64 1.2.2 299.00 OK
r-release-windows-x86_64 1.2.2 60.00 196.00 256.00 FAIL
r-oldrel-macos-arm64 1.2.2 194.00 OK
r-oldrel-macos-x86_64 1.2.2 431.00 OK
r-oldrel-windows-x86_64 1.2.2 77.00 469.00 546.00 OK

Check Details

Version: 1.2.2
Check: package dependencies
Result: ERROR Packages required but not available: 'TSCAN', 'igraph', 'ggplot2', 'AnnotationDbi', 'org.Hs.eg.db' Packages suggested but not available for checking: 'testthat', 'Seurat' See section ‘The DESCRIPTION file’ in the ‘Writing R Extensions’ manual. Flavor: r-devel-linux-x86_64-debian-gcc

Version: 1.2.2
Check: R code for possible problems
Result: NOTE Error in inDL(x, as.logical(local), as.logical(now), ...) : unable to load shared object 'D:/RCompile/CRANpkg/lib/4.4/Biostrings/libs/x64/Biostrings.dll': LoadLibrary failure: Die Auslagerungsdatei ist zu klein, um diesen Vorgang durchzuführen. Calls: <Anonymous> Execution halted Flavor: r-release-windows-x86_64

Version: 1.2.2
Check: Rd files
Result: FAIL
Flavor: r-release-windows-x86_64