CRAN Package Check Results for Package DIFshiny

Last updated on 2022-07-04 15:54:40 CEST.

Flavor Version Tinstall Tcheck Ttotal Status Flags
r-devel-linux-x86_64-debian-clang 0.1.0 13.94 99.51 113.45 NOTE
r-devel-linux-x86_64-debian-gcc 0.1.0 10.52 75.85 86.37 NOTE
r-devel-linux-x86_64-fedora-clang 0.1.0 142.09 NOTE
r-devel-linux-x86_64-fedora-gcc 0.1.0 143.08 NOTE
r-devel-windows-x86_64 0.1.0 18.00 124.00 142.00 NOTE
r-patched-linux-x86_64 0.1.0 12.07 92.98 105.05 NOTE
r-release-linux-x86_64 0.1.0 11.51 93.48 104.99 NOTE
r-release-macos-arm64 0.1.0 40.00 NOTE
r-release-macos-x86_64 0.1.0 74.00 NOTE
r-release-windows-x86_64 0.1.0 15.00 121.00 136.00 NOTE
r-oldrel-macos-arm64 0.1.0 45.00 NOTE
r-oldrel-macos-x86_64 0.1.0 76.00 NOTE
r-oldrel-windows-ix86+x86_64 0.1.0 28.00 114.00 142.00 NOTE

Check Details

Version: 0.1.0
Check: LazyData
Result: NOTE
     'LazyData' is specified without a 'data' directory
Flavors: r-devel-linux-x86_64-debian-clang, r-devel-linux-x86_64-debian-gcc, r-devel-linux-x86_64-fedora-clang, r-devel-linux-x86_64-fedora-gcc, r-devel-windows-x86_64, r-patched-linux-x86_64, r-release-linux-x86_64, r-release-macos-arm64, r-release-macos-x86_64, r-release-windows-x86_64, r-oldrel-macos-arm64, r-oldrel-macos-x86_64, r-oldrel-windows-ix86+x86_64