CRAN Package Check Results for Package DELTD

Last updated on 2020-07-13 15:48:22 CEST.

Flavor Version Tinstall Tcheck Ttotal Status Flags
r-devel-linux-x86_64-debian-clang 2.6.5 3.27 22.94 26.21 OK
r-devel-linux-x86_64-debian-gcc 2.6.5 2.82 17.88 20.70 OK
r-devel-linux-x86_64-fedora-clang 2.6.5 41.58 OK
r-devel-linux-x86_64-fedora-gcc 2.6.5 33.08 OK
r-devel-windows-ix86+x86_64 2.6.5 8.00 32.00 40.00 OK
r-patched-linux-x86_64 2.6.5 3.09 22.86 25.95 OK
r-patched-solaris-x86 2.6.5 45.60 OK
r-release-linux-x86_64 2.6.5 3.22 22.63 25.85 OK
r-release-macos-x86_64 2.6.5 ERROR
r-release-windows-ix86+x86_64 2.6.5 8.00 33.00 41.00 OK
r-oldrel-macos-x86_64 2.6.5 OK
r-oldrel-windows-ix86+x86_64 2.6.5 9.00 46.00 55.00 OK

Check Details

Version: 2.6.5
Check: whether package can be installed
Result: ERROR
    Installation failed.
Flavor: r-release-macos-x86_64