CRAN Package Check Results for Package DDRTree

Last updated on 2022-10-01 03:54:06 CEST.

Flavor Version Tinstall Tcheck Ttotal Status Flags
r-devel-linux-x86_64-debian-clang 0.1.5 77.06 68.86 145.92 OK
r-devel-linux-x86_64-debian-gcc 0.1.5 59.94 55.92 115.86 OK
r-devel-linux-x86_64-fedora-clang 0.1.5 189.70 OK
r-devel-linux-x86_64-fedora-gcc 0.1.5 194.10 OK
r-devel-windows-x86_64 0.1.5 51.00 112.00 163.00 OK
r-patched-linux-x86_64 0.1.5 67.45 69.19 136.64 OK
r-release-linux-x86_64 0.1.5 64.86 67.80 132.66 OK
r-release-macos-arm64 0.1.5 54.00 NOTE
r-release-macos-x86_64 0.1.5 70.00 NOTE
r-release-windows-x86_64 0.1.5 53.00 113.00 166.00 OK
r-oldrel-macos-arm64 0.1.5 59.00 NOTE
r-oldrel-macos-x86_64 0.1.5 104.00 NOTE
r-oldrel-windows-ix86+x86_64 0.1.5 150.00 128.00 278.00 OK

Check Details

Version: 0.1.5
Check: installed package size
Result: NOTE
     installed size is 24.3Mb
     sub-directories of 1Mb or more:
     libs 24.2Mb
Flavors: r-release-macos-arm64, r-release-macos-x86_64, r-oldrel-macos-arm64, r-oldrel-macos-x86_64