CRAN Package Check Results for Package DDHFm

Last updated on 2022-09-25 15:56:40 CEST.

Flavor Version Tinstall Tcheck Ttotal Status Flags
r-devel-linux-x86_64-debian-clang 1.1.2 4.45 45.21 49.66 OK
r-devel-linux-x86_64-debian-gcc 1.1.2 3.13 34.36 37.49 OK
r-devel-linux-x86_64-fedora-clang 1.1.2 72.43 NOTE
r-devel-linux-x86_64-fedora-gcc 1.1.2 71.04 NOTE
r-devel-windows-x86_64 1.1.2 16.00 89.00 105.00 OK
r-patched-linux-x86_64 1.1.2 4.23 44.16 48.39 OK
r-release-linux-x86_64 1.1.2 2.39 43.57 45.96 OK
r-release-macos-arm64 1.1.2 29.00 OK
r-release-macos-x86_64 1.1.2 37.00 OK
r-release-windows-x86_64 1.1.2 15.00 89.00 104.00 OK
r-oldrel-macos-arm64 1.1.2 31.00 OK
r-oldrel-macos-x86_64 1.1.2 48.00 OK
r-oldrel-windows-ix86+x86_64 1.1.2 10.00 78.00 88.00 OK

Check Details

Version: 1.1.2
Check: compiled code
Result: NOTE
    File ‘DDHFm/libs/DDHFm.so’:
     Found no calls to: ‘R_registerRoutines’, ‘R_useDynamicSymbols’
    
    It is good practice to register native routines and to disable symbol
    search.
    
    See ‘Writing portable packages’ in the ‘Writing R Extensions’ manual.
Flavors: r-devel-linux-x86_64-fedora-clang, r-devel-linux-x86_64-fedora-gcc