CRAN Package Check Results for Package DChaos

Last updated on 2022-08-18 15:52:14 CEST.

Flavor Version Tinstall Tcheck Ttotal Status Flags
r-devel-linux-x86_64-debian-clang 0.1-6 5.03 38.13 43.16 NOTE
r-devel-linux-x86_64-debian-gcc 0.1-6 4.05 29.88 33.93 NOTE
r-devel-linux-x86_64-fedora-clang 0.1-6 61.54 NOTE
r-devel-linux-x86_64-fedora-gcc 0.1-6 63.30 NOTE
r-devel-windows-x86_64 0.1-6 10.00 69.00 79.00 NOTE
r-patched-linux-x86_64 0.1-6 4.69 36.50 41.19 NOTE
r-release-linux-x86_64 0.1-6 NOTE
r-release-macos-arm64 0.1-6 20.00 NOTE
r-release-macos-x86_64 0.1-6 26.00 NOTE
r-release-windows-x86_64 0.1-6 11.00 65.00 76.00 NOTE
r-oldrel-macos-arm64 0.1-6 23.00 NOTE
r-oldrel-macos-x86_64 0.1-6 42.00 NOTE
r-oldrel-windows-ix86+x86_64 0.1-6 9.00 59.00 68.00 NOTE

Check Details

Version: 0.1-6
Check: LazyData
Result: NOTE
     'LazyData' is specified without a 'data' directory
Flavors: r-devel-linux-x86_64-debian-clang, r-devel-linux-x86_64-debian-gcc, r-devel-linux-x86_64-fedora-clang, r-devel-linux-x86_64-fedora-gcc, r-devel-windows-x86_64, r-patched-linux-x86_64, r-release-linux-x86_64, r-release-macos-arm64, r-release-macos-x86_64, r-release-windows-x86_64, r-oldrel-macos-arm64, r-oldrel-macos-x86_64, r-oldrel-windows-ix86+x86_64