CRAN Package Check Results for Package DAISIE

Last updated on 2022-09-25 03:54:28 CEST.

Flavor Version Tinstall Tcheck Ttotal Status Flags
r-devel-linux-x86_64-debian-clang 4.2.0 147.96 648.14 796.10 OK
r-devel-linux-x86_64-debian-gcc 4.2.0 102.51 650.84 753.35 OK
r-devel-linux-x86_64-fedora-clang 4.2.0 962.78 OK
r-devel-linux-x86_64-fedora-gcc 4.2.0 859.70 OK
r-devel-windows-x86_64 4.2.0 224.00 722.00 946.00 NOTE
r-patched-linux-x86_64 4.2.0 110.57 606.44 717.01 OK
r-release-linux-x86_64 4.2.0 110.50 612.01 722.51 OK
r-release-macos-arm64 4.2.0 201.00 NOTE
r-release-macos-x86_64 4.2.0 300.00 NOTE
r-release-windows-x86_64 4.2.0 258.00 620.00 878.00 NOTE
r-oldrel-macos-arm64 4.2.0 198.00 NOTE
r-oldrel-macos-x86_64 4.2.0 268.00 NOTE
r-oldrel-windows-ix86+x86_64 4.2.0 236.00 1145.00 1381.00 NOTE

Check Details

Version: 4.2.0
Check: package dependencies
Result: NOTE
    Package which this enhances but not available for checking: 'doMC'
Flavors: r-devel-windows-x86_64, r-release-windows-x86_64, r-oldrel-windows-ix86+x86_64

Version: 4.2.0
Check: installed package size
Result: NOTE
     installed size is 29.6Mb
     sub-directories of 1Mb or more:
     libs 27.7Mb
Flavors: r-release-macos-arm64, r-release-macos-x86_64, r-oldrel-macos-arm64, r-oldrel-macos-x86_64, r-oldrel-windows-ix86+x86_64