CRAN Package Check Results for Package D3GB

Last updated on 2020-11-25 15:51:53 CET.

Flavor Version Tinstall Tcheck Ttotal Status Flags
r-devel-linux-x86_64-debian-clang 1.1 5.07 91.32 96.39 NOTE
r-devel-linux-x86_64-debian-gcc 1.1 4.67 68.62 73.29 NOTE
r-devel-linux-x86_64-fedora-clang 1.1 125.09 NOTE
r-devel-linux-x86_64-fedora-gcc 1.1 113.36 NOTE
r-devel-windows-ix86+x86_64 1.1 11.00 121.00 132.00 OK
r-patched-linux-x86_64 1.1 6.03 90.66 96.69 NOTE
r-patched-solaris-x86 1.1 164.40 NOTE
r-release-linux-x86_64 1.1 5.43 90.25 95.68 NOTE
r-release-macos-x86_64 1.1 OK
r-release-windows-ix86+x86_64 1.1 12.00 93.00 105.00 OK
r-oldrel-macos-x86_64 1.1 OK
r-oldrel-windows-ix86+x86_64 1.1 7.00 94.00 101.00 OK

Check Details

Version: 1.1
Check: for non-standard things in the check directory
Result: NOTE
    Found the following files/directories:
     'GRCh38_browser' 'GRCh38_map'
Flavors: r-devel-linux-x86_64-debian-clang, r-devel-linux-x86_64-debian-gcc, r-devel-linux-x86_64-fedora-clang, r-devel-linux-x86_64-fedora-gcc, r-patched-linux-x86_64, r-patched-solaris-x86, r-release-linux-x86_64