CRAN Package Check Results for Package Countr

Last updated on 2020-10-01 15:48:24 CEST.

Flavor Version Tinstall Tcheck Ttotal Status Flags
r-devel-linux-x86_64-debian-clang 3.5.4 153.26 161.44 314.70 OK
r-devel-linux-x86_64-debian-gcc 3.5.4 116.54 120.77 237.31 OK
r-devel-linux-x86_64-fedora-clang 3.5.4 470.60 NOTE
r-devel-linux-x86_64-fedora-gcc 3.5.4 418.20 OK
r-devel-windows-ix86+x86_64 3.5.4 358.00 259.00 617.00 NOTE
r-patched-linux-x86_64 3.5.4 144.26 147.77 292.03 OK
r-patched-solaris-x86 3.5.4 424.10 OK
r-release-linux-x86_64 3.5.4 142.38 146.73 289.11 OK
r-release-macos-x86_64 3.5.4 NOTE
r-release-windows-ix86+x86_64 3.5.4 359.00 263.00 622.00 NOTE
r-oldrel-macos-x86_64 3.5.4 NOTE
r-oldrel-windows-ix86+x86_64 3.5.4 326.00 257.00 583.00 NOTE

Check Details

Version: 3.5.4
Check: installed package size
Result: NOTE
     installed size is 10.0Mb
     sub-directories of 1Mb or more:
     doc 2.0Mb
     libs 7.0Mb
Flavors: r-devel-linux-x86_64-fedora-clang, r-devel-windows-ix86+x86_64, r-release-macos-x86_64, r-release-windows-ix86+x86_64, r-oldrel-macos-x86_64, r-oldrel-windows-ix86+x86_64