CRAN Package Check Results for Package CopulaREMADA

Last updated on 2024-02-23 15:52:09 CET.

Flavor Version Tinstall Tcheck Ttotal Status Flags
r-devel-linux-x86_64-debian-clang 1.5.1 NOTE
r-devel-linux-x86_64-debian-gcc 1.5.1 10.80 74.07 84.87 NOTE
r-devel-linux-x86_64-fedora-clang 1.5.1 145.40 NOTE
r-devel-linux-x86_64-fedora-gcc 1.5.1 141.03 NOTE
r-devel-windows-x86_64 1.5.1 12.00 100.00 112.00 OK
r-patched-linux-x86_64 1.5.1 17.04 99.17 116.21 OK
r-release-linux-x86_64 1.5.1 11.69 97.99 109.68 OK
r-release-macos-arm64 1.5.1 33.00 OK
r-release-macos-x86_64 1.5.1 55.00 OK
r-release-windows-x86_64 1.5.1 15.00 109.00 124.00 OK
r-oldrel-macos-arm64 1.5.1 31.00 OK
r-oldrel-windows-x86_64 1.5.1 17.00 117.00 134.00 OK

Check Details

Version: 1.5.1
Check: Rd files
Result: NOTE checkRd: (-1) CopulaREMADA.Rd:17: Lost braces; missing escapes or markup? 17 | {gl$nodes} and weights {gl$weights}. | ^ checkRd: (-1) CopulaREMADA.Rd:17: Lost braces; missing escapes or markup? 17 | {gl$nodes} and weights {gl$weights}. | ^ Flavors: r-devel-linux-x86_64-debian-clang, r-devel-linux-x86_64-debian-gcc, r-devel-linux-x86_64-fedora-clang, r-devel-linux-x86_64-fedora-gcc