CRAN Package Check Results for Package CopSens

Last updated on 2024-07-22 03:49:13 CEST.

Flavor Version Tinstall Tcheck Ttotal Status Flags
r-devel-linux-x86_64-debian-clang 0.1.0 8.40 62.27 70.67 OK
r-devel-linux-x86_64-debian-gcc 0.1.0 6.91 46.47 53.38 NOTE
r-devel-linux-x86_64-fedora-clang 0.1.0 97.20 OK
r-devel-linux-x86_64-fedora-gcc 0.1.0 83.46 OK
r-devel-windows-x86_64 0.1.0 9.00 65.00 74.00 NOTE
r-patched-linux-x86_64 0.1.0 11.88 60.05 71.93 OK
r-release-linux-x86_64 0.1.0 5.45 59.88 65.33 OK
r-release-macos-arm64 0.1.0 31.00 OK
r-release-macos-x86_64 0.1.0 42.00 OK
r-release-windows-x86_64 0.1.0 9.00 64.00 73.00 OK
r-oldrel-macos-arm64 0.1.0 31.00 OK
r-oldrel-macos-x86_64 0.1.0 48.00 OK
r-oldrel-windows-x86_64 0.1.0 12.00 74.00 86.00 OK

Check Details

Version: 0.1.0
Check: Rd cross-references
Result: NOTE Found the following Rd file(s) with Rd \link{} targets missing package anchors: bcalibrate.Rd: kEstimate, pca cal_rv.Rd: kEstimate, pca gcalibrate.Rd: kEstimate, pca plot_estimates.Rd: theme Please provide package anchors for all Rd \link{} targets not in the package itself and the base packages. Flavors: r-devel-linux-x86_64-debian-gcc, r-devel-windows-x86_64