CRAN Package Check Results for Package Conigrave

Last updated on 2020-09-22 03:49:18 CEST.

Flavor Version Tinstall Tcheck Ttotal Status Flags
r-devel-linux-x86_64-debian-clang 0.4.4 7.83 68.89 76.72 OK
r-devel-linux-x86_64-debian-gcc 0.4.4 0.28 1.86 2.14 ERROR
r-devel-linux-x86_64-fedora-clang 0.4.4 101.03 OK
r-devel-linux-x86_64-fedora-gcc 0.4.4 108.95 OK
r-devel-windows-ix86+x86_64 0.4.4 18.00 95.00 113.00 OK
r-patched-linux-x86_64 0.4.4 5.17 65.13 70.30 OK
r-patched-solaris-x86 0.4.4 136.30 OK
r-release-linux-x86_64 0.4.4 6.73 65.99 72.72 OK
r-release-macos-x86_64 0.4.4 OK
r-release-windows-ix86+x86_64 0.4.4 18.00 93.00 111.00 OK
r-oldrel-macos-x86_64 0.4.4 OK
r-oldrel-windows-ix86+x86_64 0.4.4 11.00 83.00 94.00 OK

Check Details

Version: 0.4.4
Check: whether package can be installed
Result: ERROR
    Installation failed.
Flavor: r-devel-linux-x86_64-debian-gcc