CRAN Package Check Results for Package CondiS

Last updated on 2022-07-04 15:54:39 CEST.

Flavor Version Tinstall Tcheck Ttotal Status Flags
r-devel-linux-x86_64-debian-clang 0.1.2 17.17 178.99 196.16 OK
r-devel-linux-x86_64-debian-gcc 0.1.2 14.34 130.97 145.31 OK
r-devel-linux-x86_64-fedora-clang 0.1.2 236.14 NOTE
r-devel-linux-x86_64-fedora-gcc 0.1.2 233.86 NOTE
r-devel-windows-x86_64 0.1.2 17.00 206.00 223.00 OK
r-patched-linux-x86_64 0.1.2 16.17 165.71 181.88 OK
r-release-linux-x86_64 0.1.2 16.79 168.70 185.49 OK
r-release-macos-arm64 0.1.2 57.00 NOTE
r-release-macos-x86_64 0.1.2 99.00 NOTE
r-release-windows-x86_64 0.1.2 21.00 199.00 220.00 OK
r-oldrel-macos-arm64 0.1.2 43.00 NOTE
r-oldrel-macos-x86_64 0.1.2 85.00 NOTE
r-oldrel-windows-ix86+x86_64 0.1.2 38.00 195.00 233.00 OK

Check Details

Version: 0.1.2
Check: dependencies in R code
Result: NOTE
    Namespaces in Imports field not imported from:
     ‘kernlab’ ‘purrr’ ‘survminer’ ‘tidyverse’
     All declared Imports should be used.
Flavors: r-devel-linux-x86_64-fedora-clang, r-devel-linux-x86_64-fedora-gcc, r-release-macos-arm64, r-release-macos-x86_64, r-oldrel-macos-arm64, r-oldrel-macos-x86_64