CRAN Package Check Results for Package CondiS

Last updated on 2024-07-24 15:51:33 CEST.

Flavor Version Tinstall Tcheck Ttotal Status Flags
r-devel-linux-x86_64-debian-clang 0.1.2 15.42 166.81 182.23 OK
r-devel-linux-x86_64-debian-gcc 0.1.2 13.32 128.06 141.38 OK
r-devel-linux-x86_64-fedora-clang 0.1.2 243.88 NOTE
r-devel-linux-x86_64-fedora-gcc 0.1.2 228.05 NOTE
r-devel-windows-x86_64 0.1.2 14.00 133.00 147.00 OK
r-patched-linux-x86_64 0.1.2 15.22 159.17 174.39 OK
r-release-linux-x86_64 0.1.2 11.85 160.91 172.76 OK
r-release-macos-arm64 0.1.2 69.00 OK
r-release-macos-x86_64 0.1.2 99.00 OK
r-release-windows-x86_64 0.1.2 14.00 135.00 149.00 OK
r-oldrel-macos-arm64 0.1.2 69.00 OK
r-oldrel-macos-x86_64 0.1.2 122.00 OK
r-oldrel-windows-x86_64 0.1.2 19.00 165.00 184.00 OK

Check Details

Version: 0.1.2
Check: dependencies in R code
Result: NOTE Namespaces in Imports field not imported from: ‘kernlab’ ‘purrr’ ‘survminer’ ‘tidyverse’ All declared Imports should be used. Flavors: r-devel-linux-x86_64-fedora-clang, r-devel-linux-x86_64-fedora-gcc