Last updated on 2022-06-26 03:49:57 CEST.
Flavor | Version | Tinstall | Tcheck | Ttotal | Status | Flags |
---|---|---|---|---|---|---|
r-devel-linux-x86_64-debian-clang | 0.1.5 | 10.27 | 405.12 | 415.39 | NOTE | |
r-devel-linux-x86_64-debian-gcc | 0.1.5 | 9.54 | 285.63 | 295.17 | NOTE | |
r-devel-linux-x86_64-fedora-clang | 0.1.5 | 497.15 | NOTE | |||
r-devel-linux-x86_64-fedora-gcc | 0.1.5 | 471.06 | NOTE | |||
r-devel-windows-x86_64 | 0.1.5 | 44.00 | 424.00 | 468.00 | NOTE | |
r-patched-linux-x86_64 | 0.1.5 | 12.15 | 330.30 | 342.45 | NOTE | |
r-release-linux-x86_64 | 0.1.5 | 9.83 | 384.37 | 394.20 | NOTE | |
r-release-macos-arm64 | 0.1.5 | 183.00 | NOTE | |||
r-release-macos-x86_64 | 0.1.5 | 232.00 | NOTE | |||
r-release-windows-x86_64 | 0.1.5 | 38.00 | 421.00 | 459.00 | NOTE | |
r-oldrel-macos-arm64 | 0.1.5 | 205.00 | NOTE | |||
r-oldrel-macos-x86_64 | 0.1.5 | 359.00 | NOTE | |||
r-oldrel-windows-ix86+x86_64 | 0.1.5 | 26.00 | 417.00 | 443.00 | NOTE |
Version: 0.1.5
Check: LazyData
Result: NOTE
'LazyData' is specified without a 'data' directory
Flavors: r-devel-linux-x86_64-debian-clang, r-devel-linux-x86_64-debian-gcc, r-devel-linux-x86_64-fedora-clang, r-devel-linux-x86_64-fedora-gcc, r-devel-windows-x86_64, r-patched-linux-x86_64, r-release-linux-x86_64, r-release-macos-arm64, r-release-macos-x86_64, r-release-windows-x86_64, r-oldrel-macos-arm64, r-oldrel-macos-x86_64, r-oldrel-windows-ix86+x86_64