CRAN Package Check Results for Package Compind

Last updated on 2024-06-14 03:57:14 CEST.

Flavor Version Tinstall Tcheck Ttotal Status Flags
r-devel-linux-x86_64-debian-clang 3.1 24.90 239.71 264.61 OK
r-devel-linux-x86_64-debian-gcc 3.1 0.40 1.97 2.37 ERROR
r-devel-linux-x86_64-fedora-clang 3.1 330.64 OK
r-devel-linux-x86_64-fedora-gcc 3.1 326.95 OK
r-devel-windows-x86_64 3.1 23.00 199.00 222.00 OK
r-patched-linux-x86_64 3.1 23.91 231.58 255.49 OK
r-release-linux-x86_64 3.1 25.75 228.73 254.48 OK
r-release-macos-arm64 3.1 87.00 OK
r-release-macos-x86_64 3.1 145.00 OK
r-release-windows-x86_64 3.1 24.00 208.00 232.00 OK
r-oldrel-macos-arm64 3.1 102.00 OK
r-oldrel-macos-x86_64 3.1 239.00 OK
r-oldrel-windows-x86_64 3.1 30.00 255.00 285.00 OK

Check Details

Version: 3.1
Check: package dependencies
Result: ERROR Packages required but not available: 'Hmisc', 'nonparaeff', 'FactoMineR', 'Rcompadre' See section ‘The DESCRIPTION file’ in the ‘Writing R Extensions’ manual. Flavor: r-devel-linux-x86_64-debian-gcc