Last updated on 2023-11-30 15:48:11 CET.
Flavor | Version | Tinstall | Tcheck | Ttotal | Status | Flags |
---|---|---|---|---|---|---|
r-devel-linux-x86_64-debian-clang | 1.0.1 | 3.73 | 105.09 | 108.82 | NOTE | |
r-devel-linux-x86_64-debian-gcc | 1.0.1 | 3.62 | 93.26 | 96.88 | NOTE | |
r-devel-linux-x86_64-fedora-clang | 1.0.1 | 148.48 | OK | |||
r-devel-linux-x86_64-fedora-gcc | 1.0.1 | 161.37 | OK | |||
r-devel-windows-x86_64 | 1.0.1 | 5.00 | 128.00 | 133.00 | OK | |
r-patched-linux-x86_64 | 1.0.1 | 4.38 | 118.94 | 123.32 | OK | |
r-release-linux-x86_64 | 1.0.1 | 3.66 | 121.25 | 124.91 | OK | |
r-release-macos-arm64 | 1.0.1 | 61.00 | OK | |||
r-release-macos-x86_64 | 1.0.1 | 105.00 | OK | |||
r-release-windows-x86_64 | 1.0.1 | 6.00 | 146.00 | 152.00 | OK | |
r-oldrel-macos-arm64 | 1.0.1 | 56.00 | OK | |||
r-oldrel-macos-x86_64 | 1.0.1 | 69.00 | OK | |||
r-oldrel-windows-x86_64 | 1.0.1 | 7.00 | 147.00 | 154.00 | OK |
Version: 1.0.1
Check: Rd files
Result: NOTE
checkRd: (-1) count_pairs.Rd:19-20: Lost braces in \itemize; \value handles \item{}{} directly
checkRd: (-1) count_pairs.Rd:21-22: Lost braces in \itemize; \value handles \item{}{} directly
checkRd: (-1) count_pairs.Rd:23-24: Lost braces in \itemize; \value handles \item{}{} directly
checkRd: (-1) count_pairs.Rd:25-26: Lost braces in \itemize; \value handles \item{}{} directly
checkRd: (-1) count_pairs.Rd:27-28: Lost braces in \itemize; \value handles \item{}{} directly
checkRd: (-1) entropy.Rd:18: Lost braces in \itemize; \value handles \item{}{} directly
checkRd: (-1) entropy.Rd:19: Lost braces in \itemize; \value handles \item{}{} directly
checkRd: (-1) entropy.Rd:20: Lost braces in \itemize; \value handles \item{}{} directly
checkRd: (-1) entropy.Rd:21: Lost braces in \itemize; \value handles \item{}{} directly
checkRd: (-1) score_log_nonparam.Rd:36: Lost braces; missing escapes or markup?
36 | {0, 1}.
| ^
checkRd: (-1) score_log_semiparam.Rd:40: Lost braces; missing escapes or markup?
40 | values in {0, 1}.
| ^
checkRd: (-1) sort_pairs.Rd:18: Lost braces in \itemize; \value handles \item{}{} directly
checkRd: (-1) sort_pairs.Rd:19: Lost braces in \itemize; \value handles \item{}{} directly
checkRd: (-1) sort_pairs.Rd:20: Lost braces in \itemize; \value handles \item{}{} directly
checkRd: (-1) sort_pairs.Rd:21: Lost braces in \itemize; \value handles \item{}{} directly
checkRd: (-1) sort_pairs.Rd:22: Lost braces in \itemize; \value handles \item{}{} directly
checkRd: (-1) sort_pairs.Rd:23: Lost braces in \itemize; \value handles \item{}{} directly
Flavors: r-devel-linux-x86_64-debian-clang, r-devel-linux-x86_64-debian-gcc