CRAN Package Check Results for Package Colossus

Last updated on 2024-07-21 15:53:30 CEST.

Flavor Version Tinstall Tcheck Ttotal Status Flags
r-devel-linux-x86_64-debian-clang 1.1.1 215.48 157.08 372.56 OK
r-devel-linux-x86_64-debian-gcc 1.1.1 159.96 124.60 284.56 OK
r-devel-linux-x86_64-fedora-clang 1.1.1 514.04 OK
r-devel-linux-x86_64-fedora-gcc 1.1.1 601.28 OK
r-devel-windows-x86_64 1.1.1 143.00 162.00 305.00 OK
r-patched-linux-x86_64 1.1.1 193.66 156.25 349.91 OK
r-release-linux-x86_64 1.1.1 164.85 164.18 329.03 OK
r-release-macos-arm64 1.1.1 158.00 NOTE
r-release-macos-x86_64 1.1.1 230.00 NOTE
r-release-windows-x86_64 1.1.1 154.00 161.00 315.00 OK
r-oldrel-macos-arm64 1.1.1 172.00 NOTE
r-oldrel-macos-x86_64 1.1.1 357.00 NOTE
r-oldrel-windows-x86_64 1.1.1 190.00 192.00 382.00 OK

Check Details

Version: 1.1.1
Check: installed package size
Result: NOTE installed size is 52.7Mb sub-directories of 1Mb or more: libs 51.9Mb Flavors: r-release-macos-arm64, r-release-macos-x86_64, r-oldrel-macos-arm64, r-oldrel-macos-x86_64