CRAN Package Check Results for Package ColorNameR

Last updated on 2024-06-16 15:49:52 CEST.

Flavor Version Tinstall Tcheck Ttotal Status Flags
r-devel-linux-x86_64-debian-clang 0.1.0 2.52 41.82 44.34 OK
r-devel-linux-x86_64-debian-gcc 0.1.0 2.43 30.28 32.71 OK
r-devel-linux-x86_64-fedora-clang 0.1.0 54.63 NOTE
r-devel-linux-x86_64-fedora-gcc 0.1.0 52.17 NOTE
r-devel-windows-x86_64 0.1.0 4.00 51.00 55.00 OK
r-patched-linux-x86_64 0.1.0 2.78 39.34 42.12 OK
r-release-linux-x86_64 0.1.0 2.72 38.71 41.43 OK
r-release-macos-arm64 0.1.0 21.00 OK
r-release-macos-x86_64 0.1.0 29.00 OK
r-release-windows-x86_64 0.1.0 4.00 51.00 55.00 OK
r-oldrel-macos-arm64 0.1.0 21.00 OK
r-oldrel-macos-x86_64 0.1.0 30.00 OK
r-oldrel-windows-x86_64 0.1.0 4.00 56.00 60.00 OK

Check Details

Version: 0.1.0
Check: data for non-ASCII characters
Result: NOTE Note: found 742 marked UTF-8 strings Flavors: r-devel-linux-x86_64-fedora-clang, r-devel-linux-x86_64-fedora-gcc