Last updated on 2022-06-28 03:51:29 CEST.
Flavor | Version | Tinstall | Tcheck | Ttotal | Status | Flags |
---|---|---|---|---|---|---|
r-devel-linux-x86_64-debian-clang | 0.1.0 | 36.70 | 341.92 | 378.62 | OK | |
r-devel-linux-x86_64-debian-gcc | 0.1.0 | 26.90 | 253.34 | 280.24 | OK | |
r-devel-linux-x86_64-fedora-clang | 0.1.0 | 458.56 | WARN | |||
r-devel-linux-x86_64-fedora-gcc | 0.1.0 | 483.29 | WARN | |||
r-devel-windows-x86_64 | 0.1.0 | 46.00 | 355.00 | 401.00 | OK | |
r-patched-linux-x86_64 | 0.1.0 | 30.90 | 322.81 | 353.71 | OK | |
r-release-linux-x86_64 | 0.1.0 | 28.06 | 325.99 | 354.05 | OK | |
r-release-macos-arm64 | 0.1.0 | 126.00 | OK | |||
r-release-macos-x86_64 | 0.1.0 | 211.00 | OK | |||
r-release-windows-x86_64 | 0.1.0 | 49.00 | 348.00 | 397.00 | OK | |
r-oldrel-macos-arm64 | 0.1.0 | 129.00 | OK | |||
r-oldrel-macos-x86_64 | 0.1.0 | 156.00 | OK | |||
r-oldrel-windows-ix86+x86_64 | 0.1.0 | 73.00 | 346.00 | 419.00 | OK |
Version: 0.1.0
Check: package dependencies
Result: WARN
Requires (indirectly) orphaned package: ‘gtools’
Flavors: r-devel-linux-x86_64-fedora-clang, r-devel-linux-x86_64-fedora-gcc