CRAN Package Check Results for Package ClussCluster

Last updated on 2020-09-22 03:49:17 CEST.

Flavor Version Tinstall Tcheck Ttotal Status Flags
r-devel-linux-x86_64-debian-clang 0.1.0 4.55 57.53 62.08 OK
r-devel-linux-x86_64-debian-gcc 0.1.0 0.29 2.20 2.49 ERROR
r-devel-linux-x86_64-fedora-clang 0.1.0 85.60 NOTE
r-devel-linux-x86_64-fedora-gcc 0.1.0 87.01 NOTE
r-devel-windows-ix86+x86_64 0.1.0 14.00 80.00 94.00 OK
r-patched-linux-x86_64 0.1.0 5.02 55.04 60.06 OK
r-patched-solaris-x86 0.1.0 108.30 NOTE
r-release-linux-x86_64 0.1.0 4.68 54.84 59.52 OK
r-release-macos-x86_64 0.1.0 NOTE
r-release-windows-ix86+x86_64 0.1.0 14.00 83.00 97.00 OK
r-oldrel-macos-x86_64 0.1.0 NOTE
r-oldrel-windows-ix86+x86_64 0.1.0 8.00 75.00 83.00 OK

Check Details

Version: 0.1.0
Check: whether package can be installed
Result: ERROR
    Installation failed.
Flavor: r-devel-linux-x86_64-debian-gcc

Version: 0.1.0
Check: dependencies in R code
Result: NOTE
    Namespace in Imports field not imported from: ‘utils’
     All declared Imports should be used.
Flavors: r-devel-linux-x86_64-fedora-clang, r-devel-linux-x86_64-fedora-gcc, r-patched-solaris-x86, r-release-macos-x86_64, r-oldrel-macos-x86_64