Last updated on 2023-03-26 15:52:29 CEST.
Flavor | Version | Tinstall | Tcheck | Ttotal | Status | Flags |
---|---|---|---|---|---|---|
r-devel-linux-x86_64-debian-clang | 1.0.11 | 4.57 | 234.53 | 239.10 | OK | |
r-devel-linux-x86_64-debian-gcc | 1.0.11 | 4.56 | 160.09 | 164.65 | OK | |
r-devel-linux-x86_64-fedora-gcc | 1.0.11 | 278.55 | OK | |||
r-devel-windows-x86_64 | 1.0.11 | 35.00 | 245.00 | 280.00 | OK | |
r-patched-linux-x86_64 | 1.0.11 | 4.66 | 221.50 | 226.16 | OK | |
r-release-linux-x86_64 | 1.0.11 | 5.77 | 222.72 | 228.49 | OK | |
r-release-macos-arm64 | 1.0.11 | 76.00 | OK | |||
r-release-macos-x86_64 | 1.0.11 | 93.00 | OK | |||
r-release-windows-x86_64 | 1.0.11 | 23.00 | 247.00 | 270.00 | OK | |
r-oldrel-macos-arm64 | 1.0.11 | 64.00 | OK | |||
r-oldrel-macos-x86_64 | 1.0.11 | 84.00 | OK | |||
r-oldrel-windows-ix86+x86_64 | 1.0.11 | 13.00 | 265.00 | 278.00 | NOTE |
Version: 1.0.11
Check: R code for possible problems
Result: NOTE
Initiating curl with CURL_SSL_BACKEND: openssl
Flavor: r-oldrel-windows-ix86+x86_64