Last updated on 2022-06-28 15:53:13 CEST.
Flavor | Version | Tinstall | Tcheck | Ttotal | Status | Flags |
---|---|---|---|---|---|---|
r-devel-linux-x86_64-debian-clang | 0.1.3 | 6.49 | 45.90 | 52.39 | OK | |
r-devel-linux-x86_64-debian-gcc | 0.1.3 | 4.89 | 34.65 | 39.54 | OK | |
r-devel-linux-x86_64-fedora-clang | 0.1.3 | 73.81 | NOTE | |||
r-devel-linux-x86_64-fedora-gcc | 0.1.3 | 74.32 | OK | |||
r-devel-windows-x86_64 | 0.1.3 | 60.00 | 82.00 | 142.00 | OK | |
r-patched-linux-x86_64 | 0.1.3 | 6.13 | 44.57 | 50.70 | OK | |
r-release-linux-x86_64 | 0.1.3 | 6.11 | 44.13 | 50.24 | OK | |
r-release-macos-arm64 | 0.1.3 | 19.00 | OK | |||
r-release-macos-x86_64 | 0.1.3 | 34.00 | OK | |||
r-release-windows-x86_64 | 0.1.3 | 37.00 | 83.00 | 120.00 | OK | |
r-oldrel-macos-arm64 | 0.1.3 | 27.00 | OK | |||
r-oldrel-macos-x86_64 | 0.1.3 | 36.00 | OK | |||
r-oldrel-windows-ix86+x86_64 | 0.1.3 | 11.00 | 70.00 | 81.00 | OK |
Version: 0.1.3
Check: Rd cross-references
Result: NOTE
Undeclared package ‘s2dv’ in Rd xrefs
Flavor: r-devel-linux-x86_64-fedora-clang