Last updated on 2022-07-04 15:54:38 CEST.
Flavor | Version | Tinstall | Tcheck | Ttotal | Status | Flags |
---|---|---|---|---|---|---|
r-devel-linux-x86_64-debian-clang | 2.1.3 | 8.15 | 84.18 | 92.33 | OK | |
r-devel-linux-x86_64-debian-gcc | 2.1.3 | 7.49 | 65.26 | 72.75 | OK | |
r-devel-linux-x86_64-fedora-clang | 2.1.3 | 125.59 | WARN | |||
r-devel-linux-x86_64-fedora-gcc | 2.1.3 | 122.55 | WARN | |||
r-devel-windows-x86_64 | 2.1.3 | 17.00 | 112.00 | 129.00 | OK | |
r-patched-linux-x86_64 | 2.1.3 | 7.93 | 80.84 | 88.77 | OK | |
r-release-linux-x86_64 | 2.1.3 | 7.89 | 81.50 | 89.39 | OK | |
r-release-macos-arm64 | 2.1.3 | 37.00 | OK | |||
r-release-macos-x86_64 | 2.1.3 | 54.00 | OK | |||
r-release-windows-x86_64 | 2.1.3 | 31.00 | 184.00 | 215.00 | OK | |
r-oldrel-macos-arm64 | 2.1.3 | 44.00 | OK | |||
r-oldrel-macos-x86_64 | 2.1.3 | 72.00 | OK | |||
r-oldrel-windows-ix86+x86_64 | 2.1.3 | 21.00 | 105.00 | 126.00 | OK |
Version: 2.1.3
Check: package dependencies
Result: WARN
Requires orphaned package: ‘gtools’
Flavors: r-devel-linux-x86_64-fedora-clang, r-devel-linux-x86_64-fedora-gcc