CRAN Package Check Results for Package CautiousLearning

Last updated on 2022-10-01 15:52:48 CEST.

Flavor Version Tinstall Tcheck Ttotal Status Flags
r-devel-linux-x86_64-debian-clang 1.0.1 24.09 33.80 57.89 OK
r-devel-linux-x86_64-debian-gcc 1.0.1 15.96 27.43 43.39 OK
r-devel-linux-x86_64-fedora-clang 1.0.1 86.79 NOTE
r-devel-linux-x86_64-fedora-gcc 1.0.1 78.05 OK
r-devel-windows-x86_64 1.0.1 38.00 84.00 122.00 OK
r-patched-linux-x86_64 1.0.1 19.72 31.64 51.36 OK
r-release-linux-x86_64 1.0.1 19.13 32.01 51.14 OK
r-release-macos-arm64 1.0.1 25.00 OK
r-release-macos-x86_64 1.0.1 33.00 OK
r-release-windows-x86_64 1.0.1 39.00 79.00 118.00 OK
r-oldrel-macos-arm64 1.0.1 29.00 OK
r-oldrel-macos-x86_64 1.0.1 42.00 OK
r-oldrel-windows-ix86+x86_64 1.0.1 55.00 86.00 141.00 OK

Check Details

Version: 1.0.1
Check: Rd cross-references
Result: NOTE
    Undeclared package ‘sitmo’ in Rd xrefs
Flavor: r-devel-linux-x86_64-fedora-clang