Last updated on 2022-08-09 15:56:10 CEST.
Flavor | Version | Tinstall | Tcheck | Ttotal | Status | Flags |
---|---|---|---|---|---|---|
r-devel-linux-x86_64-debian-clang | 0.1.0 | 148.29 | 162.13 | 310.42 | NOTE | |
r-devel-linux-x86_64-debian-gcc | 0.1.0 | 133.14 | 123.29 | 256.43 | NOTE | |
r-devel-linux-x86_64-fedora-clang | 0.1.0 | 430.80 | NOTE | |||
r-devel-linux-x86_64-fedora-gcc | 0.1.0 | 428.03 | NOTE | |||
r-devel-windows-x86_64 | 0.1.0 | 295.00 | 232.00 | 527.00 | NOTE | |
r-patched-linux-x86_64 | 0.1.0 | 112.14 | 157.12 | 269.26 | NOTE | |
r-release-linux-x86_64 | 0.1.0 | NOTE | ||||
r-release-macos-arm64 | 0.1.0 | 123.00 | NOTE | |||
r-release-macos-x86_64 | 0.1.0 | 150.00 | NOTE | |||
r-release-windows-x86_64 | 0.1.0 | 280.00 | 238.00 | 518.00 | NOTE | |
r-oldrel-macos-arm64 | 0.1.0 | 114.00 | NOTE | |||
r-oldrel-macos-x86_64 | 0.1.0 | 149.00 | NOTE | |||
r-oldrel-windows-ix86+x86_64 | 0.1.0 | 328.00 | 315.00 | 643.00 | NOTE |
Version: 0.1.0
Check: for GNU extensions in Makefiles
Result: NOTE
GNU make is a SystemRequirements.
Flavors: r-devel-linux-x86_64-debian-clang, r-devel-linux-x86_64-debian-gcc, r-devel-linux-x86_64-fedora-clang, r-devel-linux-x86_64-fedora-gcc, r-devel-windows-x86_64, r-patched-linux-x86_64, r-release-linux-x86_64, r-release-macos-arm64, r-release-macos-x86_64, r-release-windows-x86_64, r-oldrel-macos-arm64, r-oldrel-macos-x86_64, r-oldrel-windows-ix86+x86_64
Version: 0.1.0
Check: installed package size
Result: NOTE
installed size is 25.6Mb
sub-directories of 1Mb or more:
libs 25.0Mb
Flavors: r-devel-linux-x86_64-fedora-clang, r-release-macos-arm64, r-release-macos-x86_64, r-oldrel-macos-arm64, r-oldrel-macos-x86_64