CRAN Package Check Results for Package CaseBasedReasoning

Last updated on 2025-01-13 04:49:39 CET.

Flavor Version Tinstall Tcheck Ttotal Status Flags
r-devel-linux-x86_64-debian-clang 0.3 63.80 115.34 179.14 OK
r-devel-linux-x86_64-debian-gcc 0.3 43.81 79.35 123.16 OK
r-devel-linux-x86_64-fedora-clang 0.3 310.19 OK
r-devel-linux-x86_64-fedora-gcc 0.3 306.76 OK
r-devel-windows-x86_64 0.3 72.00 136.00 208.00 OK
r-patched-linux-x86_64 0.3 62.29 103.85 166.14 NOTE
r-release-linux-x86_64 0.3 54.57 103.75 158.32 NOTE
r-release-macos-arm64 0.3 85.00 NOTE
r-release-macos-x86_64 0.3 117.00 NOTE
r-release-windows-x86_64 0.3 73.00 136.00 209.00 NOTE
r-oldrel-macos-arm64 0.3 98.00 NOTE
r-oldrel-macos-x86_64 0.3 173.00 NOTE
r-oldrel-windows-x86_64 0.3 92.00 171.00 263.00 NOTE

Check Details

Version: 0.3
Check: for GNU extensions in Makefiles
Result: NOTE GNU make is a SystemRequirements. Flavors: r-patched-linux-x86_64, r-release-linux-x86_64, r-release-macos-arm64, r-release-macos-x86_64, r-release-windows-x86_64, r-oldrel-macos-arm64, r-oldrel-macos-x86_64, r-oldrel-windows-x86_64