CRAN Package Check Results for Package Cairo

Last updated on 2022-06-27 15:53:39 CEST.

Flavor Version Tinstall Tcheck Ttotal Status Flags
r-devel-linux-x86_64-debian-clang 1.5-15 8.77 26.62 35.39 NOTE
r-devel-linux-x86_64-debian-gcc 1.5-15 6.35 20.75 27.10 NOTE
r-devel-linux-x86_64-fedora-clang 1.5-15 55.30 NOTE
r-devel-linux-x86_64-fedora-gcc 1.5-15 54.15 NOTE
r-devel-windows-x86_64 1.5-15 33.00 82.00 115.00 NOTE
r-patched-linux-x86_64 1.5-15 6.59 26.54 33.13 OK
r-release-linux-x86_64 1.5-15 7.39 25.61 33.00 OK
r-release-macos-arm64 1.5-15 29.00 NOTE
r-release-macos-x86_64 1.5-15 40.00 NOTE
r-release-windows-x86_64 1.5-15 37.00 115.00 152.00 NOTE
r-oldrel-macos-arm64 1.5-15 35.00 NOTE
r-oldrel-macos-x86_64 1.5-15 38.00 NOTE
r-oldrel-windows-ix86+x86_64 1.5-15 27.00 52.00 79.00 OK

Check Details

Version: 1.5-15
Check: Rd files
Result: NOTE
    checkRd: (-1) CairoFontMatch.Rd:73: Escaped LaTeX specials: \_
Flavors: r-devel-linux-x86_64-debian-clang, r-devel-linux-x86_64-debian-gcc, r-devel-linux-x86_64-fedora-clang, r-devel-linux-x86_64-fedora-gcc, r-devel-windows-x86_64

Version: 1.5-15
Check: installed package size
Result: NOTE
     installed size is 6.9Mb
     sub-directories of 1Mb or more:
     libs 6.8Mb
Flavors: r-devel-windows-x86_64, r-release-macos-arm64, r-release-macos-x86_64, r-release-windows-x86_64, r-oldrel-macos-arm64, r-oldrel-macos-x86_64