Last updated on 2022-07-02 15:52:16 CEST.
Flavor | Version | Tinstall | Tcheck | Ttotal | Status | Flags |
---|---|---|---|---|---|---|
r-devel-linux-x86_64-debian-clang | 1.0.2 | 5.83 | 36.23 | 42.06 | NOTE | |
r-devel-linux-x86_64-debian-gcc | 1.0.2 | 4.18 | 27.65 | 31.83 | NOTE | |
r-devel-linux-x86_64-fedora-clang | 1.0.2 | 60.60 | NOTE | |||
r-devel-linux-x86_64-fedora-gcc | 1.0.2 | 59.41 | NOTE | |||
r-devel-windows-x86_64 | 1.0.2 | 62.00 | 66.00 | 128.00 | OK | |
r-patched-linux-x86_64 | 1.0.2 | 6.28 | 34.21 | 40.49 | NOTE | |
r-release-linux-x86_64 | 1.0.2 | 6.05 | 34.05 | 40.10 | NOTE | |
r-release-macos-arm64 | 1.0.2 | 19.00 | NOTE | |||
r-release-macos-x86_64 | 1.0.2 | 26.00 | NOTE | |||
r-release-windows-x86_64 | 1.0.2 | 25.00 | 62.00 | 87.00 | OK | |
r-oldrel-macos-arm64 | 1.0.2 | 24.00 | NOTE | |||
r-oldrel-macos-x86_64 | 1.0.2 | 35.00 | OK | |||
r-oldrel-windows-ix86+x86_64 | 1.0.2 | 10.00 | 51.00 | 61.00 | OK |
Version: 1.0.2
Check: package dependencies
Result: NOTE
Package which this enhances but not available for checking: 'RGtk2'
Flavors: r-devel-linux-x86_64-debian-clang, r-devel-linux-x86_64-debian-gcc, r-devel-linux-x86_64-fedora-clang, r-devel-linux-x86_64-fedora-gcc, r-patched-linux-x86_64, r-release-linux-x86_64, r-release-macos-arm64, r-release-macos-x86_64, r-oldrel-macos-arm64