CRAN Package Check Results for Package CTP

Last updated on 2022-05-22 03:51:22 CEST.

Flavor Version Tinstall Tcheck Ttotal Status Flags
r-devel-linux-x86_64-debian-clang 3.0.1 17.50 170.46 187.96 OK
r-devel-linux-x86_64-debian-gcc 3.0.1 15.08 124.99 140.07 OK
r-devel-linux-x86_64-fedora-clang 3.0.1 218.64 NOTE
r-devel-linux-x86_64-fedora-gcc 3.0.1 220.75 NOTE
r-devel-windows-x86_64 3.0.1 27.00 177.00 204.00 OK
r-patched-linux-x86_64 3.0.1 11.88 155.57 167.45 OK
r-release-linux-x86_64 3.0.1 12.87 155.20 168.07 OK
r-release-macos-arm64 3.0.1 57.00 NOTE
r-release-macos-x86_64 3.0.1 101.00 NOTE
r-release-windows-x86_64 3.0.1 27.00 176.00 203.00 OK
r-oldrel-macos-arm64 3.0.1 73.00 NOTE
r-oldrel-macos-x86_64 3.0.1 100.00 NOTE
r-oldrel-windows-ix86+x86_64 3.0.1 38.00 176.00 214.00 OK

Check Details

Version: 3.0.1
Check: dependencies in R code
Result: NOTE
    Namespace in Imports field not imported from: ‘MASS’
     All declared Imports should be used.
Flavors: r-devel-linux-x86_64-fedora-clang, r-devel-linux-x86_64-fedora-gcc, r-release-macos-arm64, r-release-macos-x86_64, r-oldrel-macos-arm64, r-oldrel-macos-x86_64