CRAN Package Check Results for Package CPAT

Last updated on 2020-09-27 03:46:29 CEST.

Flavor Version Tinstall Tcheck Ttotal Status Flags
r-devel-linux-x86_64-debian-clang 0.1.0 38.06 89.90 127.96 OK
r-devel-linux-x86_64-debian-gcc 0.1.0 29.52 55.00 84.52 OK
r-devel-linux-x86_64-fedora-clang 0.1.0 176.49 NOTE
r-devel-linux-x86_64-fedora-gcc 0.1.0 156.85 NOTE
r-devel-windows-ix86+x86_64 0.1.0 94.00 197.00 291.00 OK
r-patched-linux-x86_64 0.1.0 29.25 72.82 102.07 OK
r-patched-solaris-x86 0.1.0 188.00 NOTE
r-release-linux-x86_64 0.1.0 32.72 71.16 103.88 OK
r-release-macos-x86_64 0.1.0 NOTE
r-release-windows-ix86+x86_64 0.1.0 76.00 192.00 268.00 OK
r-oldrel-macos-x86_64 0.1.0 NOTE
r-oldrel-windows-ix86+x86_64 0.1.0 80.00 179.00 259.00 OK

Check Details

Version: 0.1.0
Check: dependencies in R code
Result: NOTE
    Namespaces in Imports field not imported from:
     ‘Rdpack’ ‘grDevices’
     All declared Imports should be used.
Flavors: r-devel-linux-x86_64-fedora-clang, r-devel-linux-x86_64-fedora-gcc, r-patched-solaris-x86, r-release-macos-x86_64, r-oldrel-macos-x86_64