Last updated on 2023-03-26 15:52:29 CEST.
Flavor | Version | Tinstall | Tcheck | Ttotal | Status | Flags |
---|---|---|---|---|---|---|
r-devel-linux-x86_64-debian-clang | 1.0.0 | 2.03 | 22.17 | 24.20 | OK | |
r-devel-linux-x86_64-debian-gcc | 1.0.0 | 1.74 | 17.48 | 19.22 | OK | |
r-devel-linux-x86_64-fedora-gcc | 1.0.0 | 29.47 | NOTE | |||
r-devel-windows-x86_64 | 1.0.0 | 9.00 | 49.00 | 58.00 | OK | |
r-patched-linux-x86_64 | 1.0.0 | 1.76 | 21.51 | 23.27 | OK | |
r-release-linux-x86_64 | 1.0.0 | 1.80 | 23.68 | 25.48 | OK | |
r-release-macos-arm64 | 1.0.0 | 21.00 | NOTE | |||
r-release-macos-x86_64 | 1.0.0 | 22.00 | NOTE | |||
r-release-windows-x86_64 | 1.0.0 | 11.00 | 52.00 | 63.00 | OK | |
r-oldrel-macos-arm64 | 1.0.0 | 26.00 | NOTE | |||
r-oldrel-macos-x86_64 | 1.0.0 | 24.00 | NOTE | |||
r-oldrel-windows-ix86+x86_64 | 1.0.0 | 5.00 | 51.00 | 56.00 | OK |
Version: 1.0.0
Check: data for non-ASCII characters
Result: NOTE
Note: found 2 marked UTF-8 strings
Flavors: r-devel-linux-x86_64-fedora-gcc, r-release-macos-arm64, r-release-macos-x86_64, r-oldrel-macos-arm64, r-oldrel-macos-x86_64