CRAN Package Check Results for Package CNAIM

Last updated on 2022-07-03 15:52:29 CEST.

Flavor Version Tinstall Tcheck Ttotal Status Flags
r-devel-linux-x86_64-debian-clang 2.1.0 16.29 124.92 141.21 OK
r-devel-linux-x86_64-debian-gcc 2.1.0 12.75 91.11 103.86 OK
r-devel-linux-x86_64-fedora-clang 2.1.0 177.03 NOTE
r-devel-linux-x86_64-fedora-gcc 2.1.0 172.55 NOTE
r-devel-windows-x86_64 2.1.0 97.00 158.00 255.00 OK
r-patched-linux-x86_64 2.1.0 10.67 118.67 129.34 OK
r-release-linux-x86_64 2.1.0 9.97 115.09 125.06 OK
r-release-macos-arm64 2.1.0 49.00 NOTE
r-release-macos-x86_64 2.1.0 64.00 NOTE
r-release-windows-x86_64 2.1.0 41.00 161.00 202.00 OK
r-oldrel-macos-arm64 2.1.0 44.00 NOTE
r-oldrel-macos-x86_64 2.1.0 67.00 NOTE
r-oldrel-windows-ix86+x86_64 2.1.0 29.00 152.00 181.00 OK

Check Details

Version: 2.1.0
Check: dependencies in R code
Result: NOTE
    Namespaces in Imports field not imported from:
     ‘htmlwidgets’ ‘readxl’ ‘testthat’ ‘widgetframe’
     All declared Imports should be used.
Flavors: r-devel-linux-x86_64-fedora-clang, r-devel-linux-x86_64-fedora-gcc, r-release-macos-arm64, r-release-macos-x86_64, r-oldrel-macos-arm64, r-oldrel-macos-x86_64