CRAN Package Check Results for Package CMapViz

Last updated on 2022-06-30 03:53:19 CEST.

Flavor Version Tinstall Tcheck Ttotal Status Flags
r-devel-linux-x86_64-debian-clang 0.1.0 5.88 59.26 65.14 NOTE
r-devel-linux-x86_64-debian-gcc 0.1.0 4.48 43.69 48.17 NOTE
r-devel-linux-x86_64-fedora-clang 0.1.0 86.69 NOTE
r-devel-linux-x86_64-fedora-gcc 0.1.0 84.22 NOTE
r-devel-windows-x86_64 0.1.0 10.00 78.00 88.00 NOTE
r-patched-linux-x86_64 0.1.0 5.69 55.86 61.55 NOTE
r-release-linux-x86_64 0.1.0 4.57 54.17 58.74 NOTE
r-release-macos-arm64 0.1.0 24.00 NOTE
r-release-macos-x86_64 0.1.0 44.00 NOTE
r-release-windows-x86_64 0.1.0 108.00 81.00 189.00 NOTE
r-oldrel-macos-arm64 0.1.0 34.00 NOTE
r-oldrel-macos-x86_64 0.1.0 44.00 NOTE
r-oldrel-windows-ix86+x86_64 0.1.0 17.00 78.00 95.00 NOTE

Check Details

Version: 0.1.0
Check: LazyData
Result: NOTE
     'LazyData' is specified without a 'data' directory
Flavors: r-devel-linux-x86_64-debian-clang, r-devel-linux-x86_64-debian-gcc, r-devel-linux-x86_64-fedora-clang, r-devel-linux-x86_64-fedora-gcc, r-devel-windows-x86_64, r-patched-linux-x86_64, r-release-linux-x86_64, r-release-macos-arm64, r-release-macos-x86_64, r-release-windows-x86_64, r-oldrel-macos-arm64, r-oldrel-macos-x86_64, r-oldrel-windows-ix86+x86_64