CRAN Package Check Results for Package CKLRT

Last updated on 2022-09-25 15:56:39 CEST.

Flavor Version Tinstall Tcheck Ttotal Status Flags
r-devel-linux-x86_64-debian-clang 0.2.3 59.34 81.33 140.67 NOTE
r-devel-linux-x86_64-debian-gcc 0.2.3 48.20 64.07 112.27 NOTE
r-devel-linux-x86_64-fedora-clang 0.2.3 178.51 NOTE
r-devel-linux-x86_64-fedora-gcc 0.2.3 179.65 NOTE
r-devel-windows-x86_64 0.2.3 44.00 139.00 183.00 NOTE
r-patched-linux-x86_64 0.2.3 44.83 78.72 123.55 NOTE
r-release-linux-x86_64 0.2.3 45.46 78.52 123.98 NOTE
r-release-macos-arm64 0.2.3 48.00 NOTE
r-release-macos-x86_64 0.2.3 66.00 NOTE
r-release-windows-x86_64 0.2.3 46.00 130.00 176.00 NOTE
r-oldrel-macos-arm64 0.2.3 53.00 NOTE
r-oldrel-macos-x86_64 0.2.3 99.00 NOTE
r-oldrel-windows-ix86+x86_64 0.2.3 114.00 161.00 275.00 NOTE

Check Details

Version: 0.2.3
Check: LazyData
Result: NOTE
     'LazyData' is specified without a 'data' directory
Flavors: r-devel-linux-x86_64-debian-clang, r-devel-linux-x86_64-debian-gcc, r-devel-linux-x86_64-fedora-clang, r-devel-linux-x86_64-fedora-gcc, r-devel-windows-x86_64, r-patched-linux-x86_64, r-release-linux-x86_64, r-release-macos-arm64, r-release-macos-x86_64, r-release-windows-x86_64, r-oldrel-macos-arm64, r-oldrel-macos-x86_64, r-oldrel-windows-ix86+x86_64

Version: 0.2.3
Check: installed package size
Result: NOTE
     installed size is 14.6Mb
     sub-directories of 1Mb or more:
     libs 14.3Mb
Flavors: r-release-macos-arm64, r-release-macos-x86_64, r-oldrel-macos-arm64, r-oldrel-macos-x86_64