CRAN Package Check Results for Package CISE

Last updated on 2020-09-24 15:48:25 CEST.

Flavor Version Tinstall Tcheck Ttotal Status Flags
r-devel-linux-x86_64-debian-clang 0.1.0 8.07 86.56 94.63 NOTE
r-devel-linux-x86_64-debian-gcc 0.1.0 7.88 66.91 74.79 NOTE
r-devel-linux-x86_64-fedora-clang 0.1.0 125.54 OK
r-devel-linux-x86_64-fedora-gcc 0.1.0 139.64 OK
r-devel-windows-ix86+x86_64 0.1.0 20.00 117.00 137.00 NOTE
r-patched-linux-x86_64 0.1.0 8.13 83.06 91.19 NOTE
r-patched-solaris-x86 0.1.0 185.00 OK
r-release-linux-x86_64 0.1.0 7.87 83.02 90.89 NOTE
r-release-macos-x86_64 0.1.0 OK
r-release-windows-ix86+x86_64 0.1.0 17.00 119.00 136.00 NOTE
r-oldrel-macos-x86_64 0.1.0 OK
r-oldrel-windows-ix86+x86_64 0.1.0 12.00 109.00 121.00 OK

Check Details

Version: 0.1.0
Check: package vignettes
Result: NOTE
    Package vignette with placeholder title 'Vignette Title':
     'CISE_vignette.Rmd'
Flavors: r-devel-linux-x86_64-debian-clang, r-devel-linux-x86_64-debian-gcc, r-devel-windows-ix86+x86_64, r-patched-linux-x86_64, r-release-linux-x86_64, r-release-windows-ix86+x86_64