CRAN Package Check Results for Package CIMTx

Last updated on 2022-09-25 15:56:38 CEST.

Flavor Version Tinstall Tcheck Ttotal Status Flags
r-devel-linux-x86_64-debian-clang 1.2.0 21.83 162.67 184.50 OK
r-devel-linux-x86_64-debian-gcc 1.2.0 17.03 118.15 135.18 OK
r-devel-linux-x86_64-fedora-clang 1.2.0 227.46 NOTE
r-devel-linux-x86_64-fedora-gcc 1.2.0 219.03 NOTE
r-devel-windows-x86_64 1.2.0 31.00 189.00 220.00 OK
r-patched-linux-x86_64 1.2.0 22.28 150.23 172.51 OK
r-release-linux-x86_64 1.2.0 18.81 145.98 164.79 OK
r-release-macos-arm64 1.2.0 59.00 NOTE
r-release-macos-x86_64 1.2.0 82.00 NOTE
r-release-windows-x86_64 1.2.0 35.00 178.00 213.00 OK
r-oldrel-macos-arm64 1.2.0 52.00 NOTE
r-oldrel-macos-x86_64 1.2.0 78.00 NOTE
r-oldrel-windows-ix86+x86_64 1.2.0 44.00 175.00 219.00 OK

Check Details

Version: 1.2.0
Check: dependencies in R code
Result: NOTE
    Namespace in Imports field not imported from: ‘magrittr’
     All declared Imports should be used.
Flavors: r-devel-linux-x86_64-fedora-clang, r-devel-linux-x86_64-fedora-gcc, r-release-macos-arm64, r-release-macos-x86_64, r-oldrel-macos-arm64, r-oldrel-macos-x86_64