Last updated on 2023-10-01 05:05:37 CEST.
Flavor | Version | Tinstall | Tcheck | Ttotal | Status | Flags |
---|---|---|---|---|---|---|
r-devel-linux-x86_64-debian-clang | 1.2.0 | 21.97 | 153.10 | 175.07 | OK | |
r-devel-linux-x86_64-debian-gcc | 1.2.0 | 16.69 | 109.54 | 126.23 | OK | |
r-devel-linux-x86_64-fedora-clang | 1.2.0 | 200.22 | NOTE | |||
r-devel-linux-x86_64-fedora-gcc | 1.2.0 | 172.14 | NOTE | |||
r-devel-windows-x86_64 | 1.2.0 | 18.00 | 129.00 | 147.00 | OK | |
r-patched-linux-x86_64 | 1.2.0 | 19.29 | 142.17 | 161.46 | OK | |
r-release-linux-x86_64 | 1.2.0 | 14.60 | 142.64 | 157.24 | OK | |
r-release-macos-arm64 | 1.2.0 | 60.00 | OK | |||
r-release-macos-x86_64 | 1.2.0 | 95.00 | OK | |||
r-release-windows-x86_64 | 1.2.0 | 24.00 | 152.00 | 176.00 | OK | |
r-oldrel-macos-arm64 | 1.2.0 | 59.00 | NOTE | |||
r-oldrel-macos-x86_64 | 1.2.0 | 82.00 | NOTE | |||
r-oldrel-windows-x86_64 | 1.2.0 | 23.00 | 150.00 | 173.00 | OK |
Version: 1.2.0
Check: dependencies in R code
Result: NOTE
Namespace in Imports field not imported from: ‘magrittr’
All declared Imports should be used.
Flavors: r-devel-linux-x86_64-fedora-clang, r-devel-linux-x86_64-fedora-gcc, r-oldrel-macos-arm64, r-oldrel-macos-x86_64