CRAN Package Check Results for Package CIEE

Last updated on 2022-07-06 15:48:56 CEST.

Flavor Version Tinstall Tcheck Ttotal Status Flags
r-devel-linux-x86_64-debian-clang 0.1.1 3.78 63.03 66.81 NOTE
r-devel-linux-x86_64-debian-gcc 0.1.1 2.57 47.10 49.67 NOTE
r-devel-linux-x86_64-fedora-clang 0.1.1 92.61 NOTE
r-devel-linux-x86_64-fedora-gcc 0.1.1 89.44 NOTE
r-devel-windows-x86_64 0.1.1 8.00 94.00 102.00 NOTE
r-patched-linux-x86_64 0.1.1 4.09 61.02 65.11 NOTE
r-release-linux-x86_64 0.1.1 2.98 59.66 62.64 NOTE
r-release-macos-arm64 0.1.1 29.00 NOTE
r-release-macos-x86_64 0.1.1 37.00 NOTE
r-release-windows-x86_64 0.1.1 13.00 121.00 134.00 NOTE
r-oldrel-macos-arm64 0.1.1 28.00 NOTE
r-oldrel-macos-x86_64 0.1.1 50.00 NOTE
r-oldrel-windows-ix86+x86_64 0.1.1 8.00 93.00 101.00 NOTE

Check Details

Version: 0.1.1
Check: LazyData
Result: NOTE
     'LazyData' is specified without a 'data' directory
Flavors: r-devel-linux-x86_64-debian-clang, r-devel-linux-x86_64-debian-gcc, r-devel-linux-x86_64-fedora-clang, r-devel-linux-x86_64-fedora-gcc, r-devel-windows-x86_64, r-patched-linux-x86_64, r-release-linux-x86_64, r-release-macos-arm64, r-release-macos-x86_64, r-release-windows-x86_64, r-oldrel-macos-arm64, r-oldrel-macos-x86_64, r-oldrel-windows-ix86+x86_64